{"id":5973,"date":"2020-04-27T16:08:10","date_gmt":"2020-04-27T14:08:10","guid":{"rendered":"http:\/\/honorefestif.1-ter-net.net\/?page_id=5973"},"modified":"2025-04-04T11:43:59","modified_gmt":"2025-04-04T09:43:59","slug":"le-cocktail-entreprise","status":"publish","type":"page","link":"https:\/\/honfest.preprod-kalelia.fr\/?page_id=5973","title":{"rendered":"Le cocktail d&rsquo;entreprise"},"content":{"rendered":"<p><a href=\"https:\/\/honfest.preprod-kalelia.fr\/nos-produits\/cocktail\/\">Cocktails<\/a> d\u00e9jeunatoires ou cocktails dinatoires d&rsquo;entreprise : Honor\u00e9 Festif, traiteur \u00e0 Nantes et en Loire-Atlantique, vous propose des cocktails d&rsquo;entreprise hauts de gamme. Depuis 15 ans, nos chefs r\u00e9unissent le meilleur de la gastronomie en conjuguant savoir-faire et qualit\u00e9 des produits s\u00e9lectionn\u00e9s pour vous proposer une carte et des buffets cocktails, cr\u00e9atifs et gourmands.<\/p>\n","protected":false},"excerpt":{"rendered":"<p>Cocktails d\u00e9jeunatoires ou cocktails dinatoires d&rsquo;entreprise : Honor\u00e9 Festif, traiteur \u00e0 Nantes&#8230; <br \/><a class=\"readmore\" href=\"https:\/\/honfest.preprod-kalelia.fr\/?page_id=5973\"><span class=\"btn_blog_list_arrow\">Lire plus<\/span><\/a><\/p>\n","protected":false},"author":1,"featured_media":6157,"parent":0,"menu_order":0,"comment_status":"closed","ping_status":"closed","template":"page-evt.php","meta":{"footnotes":""},"class_list":["post-5973","page","type-page","status-publish","has-post-thumbnail","hentry"],"yoast_head":"<!-- This site is optimized with the Yoast SEO plugin v25.9 - https:\/\/yoast.com\/wordpress\/plugins\/seo\/ -->\n<title>Organisation cocktail entreprise - Traiteur buffet &amp; ap\u00e9ritif Nantes | Honor\u00e9 Festif<\/title>\n<meta name=\"description\" content=\"Vous organisez une cocktail d&#039;entreprise ? Optez pour un cocktail dinatoire ou d\u00e9jeunatoire entre professionnels et laissez vous conqu\u00e9rir par les produits gastronomique de votre traiteur nantais Honor\u00e9 Festif !\" \/>\n<meta name=\"robots\" content=\"index, follow, max-snippet:-1, max-image-preview:large, max-video-preview:-1\" \/>\n<link rel=\"canonical\" href=\"https:\/\/honfest.preprod-kalelia.fr\/?page_id=5973\" \/>\n<meta property=\"og:locale\" content=\"fr_FR\" \/>\n<meta property=\"og:type\" content=\"article\" \/>\n<meta property=\"og:title\" content=\"Organisation cocktail entreprise - Traiteur buffet &amp; ap\u00e9ritif Nantes | Honor\u00e9 Festif\" \/>\n<meta property=\"og:description\" content=\"Vous organisez une cocktail d&#039;entreprise ? Optez pour un cocktail dinatoire ou d\u00e9jeunatoire entre professionnels et laissez vous conqu\u00e9rir par les produits gastronomique de votre traiteur nantais Honor\u00e9 Festif !\" \/>\n<meta property=\"og:url\" content=\"https:\/\/honfest.preprod-kalelia.fr\/?page_id=5973\" \/>\n<meta property=\"og:site_name\" content=\"Honor\u00e9 Festif\" \/>\n<meta property=\"article:modified_time\" content=\"2025-04-04T09:43:59+00:00\" \/>\n<meta property=\"og:image\" content=\"https:\/\/honfest.preprod-kalelia.fr\/wp-content\/uploads\/2020\/07\/bd-cocktail-entreprise.jpg\" \/>\n\t<meta property=\"og:image:width\" content=\"1666\" \/>\n\t<meta property=\"og:image:height\" content=\"474\" \/>\n\t<meta property=\"og:image:type\" content=\"image\/jpeg\" \/>\n<meta name=\"twitter:card\" content=\"summary_large_image\" \/>\n<meta name=\"twitter:label1\" content=\"Dur\u00e9e de lecture estim\u00e9e\" \/>\n\t<meta name=\"twitter:data1\" content=\"1 minute\" \/>\n<script type=\"application\/ld+json\" class=\"yoast-schema-graph\">{\"@context\":\"https:\/\/schema.org\",\"@graph\":[{\"@type\":\"WebPage\",\"@id\":\"https:\/\/honfest.preprod-kalelia.fr\/?page_id=5973\",\"url\":\"https:\/\/honfest.preprod-kalelia.fr\/?page_id=5973\",\"name\":\"Organisation cocktail entreprise - Traiteur buffet & ap\u00e9ritif Nantes | Honor\u00e9 Festif\",\"isPartOf\":{\"@id\":\"https:\/\/honfest.preprod-kalelia.fr\/#website\"},\"primaryImageOfPage\":{\"@id\":\"https:\/\/honfest.preprod-kalelia.fr\/?page_id=5973#primaryimage\"},\"image\":{\"@id\":\"https:\/\/honfest.preprod-kalelia.fr\/?page_id=5973#primaryimage\"},\"thumbnailUrl\":\"https:\/\/honfest.preprod-kalelia.fr\/wp-content\/uploads\/2020\/07\/bd-cocktail-entreprise.jpg\",\"datePublished\":\"2020-04-27T14:08:10+00:00\",\"dateModified\":\"2025-04-04T09:43:59+00:00\",\"description\":\"Vous organisez une cocktail d'entreprise ? Optez pour un cocktail dinatoire ou d\u00e9jeunatoire entre professionnels et laissez vous conqu\u00e9rir par les produits gastronomique de votre traiteur nantais Honor\u00e9 Festif !\",\"breadcrumb\":{\"@id\":\"https:\/\/honfest.preprod-kalelia.fr\/?page_id=5973#breadcrumb\"},\"inLanguage\":\"fr-FR\",\"potentialAction\":[{\"@type\":\"ReadAction\",\"target\":[\"https:\/\/honfest.preprod-kalelia.fr\/?page_id=5973\"]}]},{\"@type\":\"ImageObject\",\"inLanguage\":\"fr-FR\",\"@id\":\"https:\/\/honfest.preprod-kalelia.fr\/?page_id=5973#primaryimage\",\"url\":\"https:\/\/honfest.preprod-kalelia.fr\/wp-content\/uploads\/2020\/07\/bd-cocktail-entreprise.jpg\",\"contentUrl\":\"https:\/\/honfest.preprod-kalelia.fr\/wp-content\/uploads\/2020\/07\/bd-cocktail-entreprise.jpg\",\"width\":1666,\"height\":474},{\"@type\":\"BreadcrumbList\",\"@id\":\"https:\/\/honfest.preprod-kalelia.fr\/?page_id=5973#breadcrumb\",\"itemListElement\":[{\"@type\":\"ListItem\",\"position\":1,\"name\":\"Accueil\",\"item\":\"https:\/\/honfest.preprod-kalelia.fr\/\"},{\"@type\":\"ListItem\",\"position\":2,\"name\":\"Le cocktail d&rsquo;entreprise\"}]},{\"@type\":\"WebSite\",\"@id\":\"https:\/\/honfest.preprod-kalelia.fr\/#website\",\"url\":\"https:\/\/honfest.preprod-kalelia.fr\/\",\"name\":\"Honor\u00e9 Festif\",\"description\":\"\",\"publisher\":{\"@id\":\"https:\/\/honfest.preprod-kalelia.fr\/#organization\"},\"potentialAction\":[{\"@type\":\"SearchAction\",\"target\":{\"@type\":\"EntryPoint\",\"urlTemplate\":\"https:\/\/honfest.preprod-kalelia.fr\/?s={search_term_string}\"},\"query-input\":{\"@type\":\"PropertyValueSpecification\",\"valueRequired\":true,\"valueName\":\"search_term_string\"}}],\"inLanguage\":\"fr-FR\"},{\"@type\":\"Organization\",\"@id\":\"https:\/\/honfest.preprod-kalelia.fr\/#organization\",\"name\":\"Honor\u00e9 Festif\",\"url\":\"https:\/\/honfest.preprod-kalelia.fr\/\",\"logo\":{\"@type\":\"ImageObject\",\"inLanguage\":\"fr-FR\",\"@id\":\"https:\/\/honfest.preprod-kalelia.fr\/#\/schema\/logo\/image\/\",\"url\":\"https:\/\/honfest.preprod-kalelia.fr\/wp-content\/uploads\/2020\/10\/logo-honore-festif.png\",\"contentUrl\":\"https:\/\/honfest.preprod-kalelia.fr\/wp-content\/uploads\/2020\/10\/logo-honore-festif.png\",\"width\":198,\"height\":118,\"caption\":\"Honor\u00e9 Festif\"},\"image\":{\"@id\":\"https:\/\/honfest.preprod-kalelia.fr\/#\/schema\/logo\/image\/\"}}]}<\/script>\n<!-- \/ Yoast SEO plugin. -->","yoast_head_json":{"title":"Organisation cocktail entreprise - Traiteur buffet & ap\u00e9ritif Nantes | Honor\u00e9 Festif","description":"Vous organisez une cocktail d'entreprise ? Optez pour un cocktail dinatoire ou d\u00e9jeunatoire entre professionnels et laissez vous conqu\u00e9rir par les produits gastronomique de votre traiteur nantais Honor\u00e9 Festif !","robots":{"index":"index","follow":"follow","max-snippet":"max-snippet:-1","max-image-preview":"max-image-preview:large","max-video-preview":"max-video-preview:-1"},"canonical":"https:\/\/honfest.preprod-kalelia.fr\/?page_id=5973","og_locale":"fr_FR","og_type":"article","og_title":"Organisation cocktail entreprise - Traiteur buffet & ap\u00e9ritif Nantes | Honor\u00e9 Festif","og_description":"Vous organisez une cocktail d'entreprise ? Optez pour un cocktail dinatoire ou d\u00e9jeunatoire entre professionnels et laissez vous conqu\u00e9rir par les produits gastronomique de votre traiteur nantais Honor\u00e9 Festif !","og_url":"https:\/\/honfest.preprod-kalelia.fr\/?page_id=5973","og_site_name":"Honor\u00e9 Festif","article_modified_time":"2025-04-04T09:43:59+00:00","og_image":[{"width":1666,"height":474,"url":"https:\/\/honfest.preprod-kalelia.fr\/wp-content\/uploads\/2020\/07\/bd-cocktail-entreprise.jpg","type":"image\/jpeg"}],"twitter_card":"summary_large_image","twitter_misc":{"Dur\u00e9e de lecture estim\u00e9e":"1 minute"},"schema":{"@context":"https:\/\/schema.org","@graph":[{"@type":"WebPage","@id":"https:\/\/honfest.preprod-kalelia.fr\/?page_id=5973","url":"https:\/\/honfest.preprod-kalelia.fr\/?page_id=5973","name":"Organisation cocktail entreprise - Traiteur buffet & ap\u00e9ritif Nantes | Honor\u00e9 Festif","isPartOf":{"@id":"https:\/\/honfest.preprod-kalelia.fr\/#website"},"primaryImageOfPage":{"@id":"https:\/\/honfest.preprod-kalelia.fr\/?page_id=5973#primaryimage"},"image":{"@id":"https:\/\/honfest.preprod-kalelia.fr\/?page_id=5973#primaryimage"},"thumbnailUrl":"https:\/\/honfest.preprod-kalelia.fr\/wp-content\/uploads\/2020\/07\/bd-cocktail-entreprise.jpg","datePublished":"2020-04-27T14:08:10+00:00","dateModified":"2025-04-04T09:43:59+00:00","description":"Vous organisez une cocktail d'entreprise ? Optez pour un cocktail dinatoire ou d\u00e9jeunatoire entre professionnels et laissez vous conqu\u00e9rir par les produits gastronomique de votre traiteur nantais Honor\u00e9 Festif !","breadcrumb":{"@id":"https:\/\/honfest.preprod-kalelia.fr\/?page_id=5973#breadcrumb"},"inLanguage":"fr-FR","potentialAction":[{"@type":"ReadAction","target":["https:\/\/honfest.preprod-kalelia.fr\/?page_id=5973"]}]},{"@type":"ImageObject","inLanguage":"fr-FR","@id":"https:\/\/honfest.preprod-kalelia.fr\/?page_id=5973#primaryimage","url":"https:\/\/honfest.preprod-kalelia.fr\/wp-content\/uploads\/2020\/07\/bd-cocktail-entreprise.jpg","contentUrl":"https:\/\/honfest.preprod-kalelia.fr\/wp-content\/uploads\/2020\/07\/bd-cocktail-entreprise.jpg","width":1666,"height":474},{"@type":"BreadcrumbList","@id":"https:\/\/honfest.preprod-kalelia.fr\/?page_id=5973#breadcrumb","itemListElement":[{"@type":"ListItem","position":1,"name":"Accueil","item":"https:\/\/honfest.preprod-kalelia.fr\/"},{"@type":"ListItem","position":2,"name":"Le cocktail d&rsquo;entreprise"}]},{"@type":"WebSite","@id":"https:\/\/honfest.preprod-kalelia.fr\/#website","url":"https:\/\/honfest.preprod-kalelia.fr\/","name":"Honor\u00e9 Festif","description":"","publisher":{"@id":"https:\/\/honfest.preprod-kalelia.fr\/#organization"},"potentialAction":[{"@type":"SearchAction","target":{"@type":"EntryPoint","urlTemplate":"https:\/\/honfest.preprod-kalelia.fr\/?s={search_term_string}"},"query-input":{"@type":"PropertyValueSpecification","valueRequired":true,"valueName":"search_term_string"}}],"inLanguage":"fr-FR"},{"@type":"Organization","@id":"https:\/\/honfest.preprod-kalelia.fr\/#organization","name":"Honor\u00e9 Festif","url":"https:\/\/honfest.preprod-kalelia.fr\/","logo":{"@type":"ImageObject","inLanguage":"fr-FR","@id":"https:\/\/honfest.preprod-kalelia.fr\/#\/schema\/logo\/image\/","url":"https:\/\/honfest.preprod-kalelia.fr\/wp-content\/uploads\/2020\/10\/logo-honore-festif.png","contentUrl":"https:\/\/honfest.preprod-kalelia.fr\/wp-content\/uploads\/2020\/10\/logo-honore-festif.png","width":198,"height":118,"caption":"Honor\u00e9 Festif"},"image":{"@id":"https:\/\/honfest.preprod-kalelia.fr\/#\/schema\/logo\/image\/"}}]}},"_links":{"self":[{"href":"https:\/\/honfest.preprod-kalelia.fr\/index.php?rest_route=\/wp\/v2\/pages\/5973","targetHints":{"allow":["GET"]}}],"collection":[{"href":"https:\/\/honfest.preprod-kalelia.fr\/index.php?rest_route=\/wp\/v2\/pages"}],"about":[{"href":"https:\/\/honfest.preprod-kalelia.fr\/index.php?rest_route=\/wp\/v2\/types\/page"}],"author":[{"embeddable":true,"href":"https:\/\/honfest.preprod-kalelia.fr\/index.php?rest_route=\/wp\/v2\/users\/1"}],"replies":[{"embeddable":true,"href":"https:\/\/honfest.preprod-kalelia.fr\/index.php?rest_route=%2Fwp%2Fv2%2Fcomments&post=5973"}],"version-history":[{"count":11,"href":"https:\/\/honfest.preprod-kalelia.fr\/index.php?rest_route=\/wp\/v2\/pages\/5973\/revisions"}],"predecessor-version":[{"id":8345,"href":"https:\/\/honfest.preprod-kalelia.fr\/index.php?rest_route=\/wp\/v2\/pages\/5973\/revisions\/8345"}],"wp:featuredmedia":[{"embeddable":true,"href":"https:\/\/honfest.preprod-kalelia.fr\/index.php?rest_route=\/wp\/v2\/media\/6157"}],"wp:attachment":[{"href":"https:\/\/honfest.preprod-kalelia.fr\/index.php?rest_route=%2Fwp%2Fv2%2Fmedia&parent=5973"}],"curies":[{"name":"wp","href":"https:\/\/api.w.org\/{rel}","templated":true}]}}