{"id":94,"date":"2020-04-21T16:56:17","date_gmt":"2020-04-21T14:56:17","guid":{"rendered":"http:\/\/honorefestif.1-ter-net.net\/?page_id=94"},"modified":"2024-10-08T11:04:27","modified_gmt":"2024-10-08T09:04:27","slug":"conditions-generales-de-vente","status":"publish","type":"page","link":"https:\/\/honfest.preprod-kalelia.fr\/?page_id=94","title":{"rendered":"Conditions g\u00e9n\u00e9rales de vente"},"content":{"rendered":"<h2>I\/ Commande<\/h2>\n<p>Un d\u00e9lai minimal de 48h00 ouvr\u00e9es (soit hors weekend et jours f\u00e9ri\u00e9s) est impos\u00e9 lors de la validation de la commande.<br \/>\nPar exemple, vous commandez le mardi, vous \u00eates livr\u00e9 le jeudi (au plus t\u00f4t) OU vous commandez le samedi, vous \u00eates livr\u00e9 le mardi (au plus t\u00f4t).<br \/>\nVotre commande est valid\u00e9e d\u00e8s lors que vous avez valid\u00e9 votre mode de paiement.<br \/>\nLa prise en compte de votre commande est garantie par un accus\u00e9 de r\u00e9ception par mail.<br \/>\nPour tout souhait de commande en dehors de ces d\u00e9lais, contactez notre service commercial.<\/p>\n<p><strong>Toutes demandes sp\u00e9cifiques feront l\u2019objet d\u2019un devis chiffr\u00e9.<\/strong><\/p>\n<h2>II\/ Composition de la commande<\/h2>\n<p>Votre commande doit \u00eatre conserv\u00e9e au frais et consomm\u00e9e dans la journ\u00e9e de la livraison.<br \/>\nMerci de v\u00e9rifier \u00e0 la livraison la bonne conformit\u00e9 de votre commande, aucune r\u00e9clamation ne pourra \u00eatre prise en compte pass\u00e9 ce d\u00e9lai.<\/p>\n<p><strong>Sp\u00e9cificit\u00e9s Plateaux repas :<\/strong> Le plat principal est livr\u00e9 froid et peut se r\u00e9chauffer au micro-onde (en enlevant imp\u00e9rativement le couvercle).<br \/>\nLes pi\u00e8ces cocktails chaudes sont \u00e0 r\u00e9chauffer par vos soins, selon les consignes indiqu\u00e9es sur chaque fiche produit.<\/p>\n<h2>III\/ Annulation de commande<\/h2>\n<p>Votre annulation doit nous parvenir par fax ou par mail (du lundi au vendredi) au plus tard 72h avant le jour de la livraison pr\u00e9vue.<br \/>\nAu-del\u00e0 de ce d\u00e9lai d\u2019annulation, vous serez factur\u00e9s \u00e0 hauteur de 100% du montant total de votre commande.<br \/>\nAucune commande pay\u00e9e par carte bancaire ne sera rembours\u00e9e.<\/p>\n<h2>IV\/ Livraison<\/h2>\n<p>Honor\u00e9 Festif r\u00e9pond \u00e0 tous les crit\u00e8res de la norme HACCP.<br \/>\nLivraison en v\u00e9hicule isotherme ou r\u00e9frig\u00e9r\u00e9.<\/p>\n<h3>Mode de livraisons<\/h3>\n<h4>En semaine (livraison de 7h \u00e0 17h) :<\/h4>\n<p><strong>Zone 1 : <\/strong>Nantes, Rez\u00e9, Saint S\u00e9bastien sur Loire, Sainte Luce sur Loire, Saint Herblain, Bouguenais, Les Sorini\u00e8res, Vertou, Basse-Goulaine, Pont St-Martin.<\/p>\n<ul>\n<li>Commande inf\u00e9rieure ou \u00e9gale \u00e0 49,99\u20ac HT : <strong>27,00\u20ac HT de frais de livraison<\/strong><\/li>\n<li>Commande entre 50,00\u20ac et 75,99\u20ac HT : <strong>21,00\u20ac HT de frais de livraison<\/strong><\/li>\n<li>Commande entre 76,00\u20ac et 99,99\u20ac HT : <strong>15,00\u20ac HT de frais de livraison<\/strong><\/li>\n<li>Commande sup\u00e9rieure \u00e0 100,00\u20ac HT : <strong>frais de livraison offert<\/strong><\/li>\n<\/ul>\n<p>&nbsp;<\/p>\n<p><strong>Zone 2 :<\/strong> Sautron, Orvault, La Chapelle sur Erdre, Carquefou, Thouar\u00e9 sur Loire, Haute Goulaine, Saint Fiacre sur Maine, La Haye-Fouassi\u00e8re, Ch\u00e2teau Thebaud, Le Bignon, La Chevroli\u00e8re, Saint Aignan de Grand-Lieu, Bouaye, Brains, Saint Jean de Boiseau, Cou\u00ebron, Indre, La Montagne.<\/p>\n<ul>\n<li>Commande inf\u00e9rieure ou \u00e9gale \u00e0 49,99\u20ac HT : <strong>67,00\u20ac HT de frais de livraison<\/strong><\/li>\n<li>Commande entre 50,00\u20ac et 75,99\u20ac HT : <strong>61,00\u20ac HT de frais de livraison<\/strong><\/li>\n<li>Commande entre 76,00\u20ac et 99,99\u20ac HT : <strong>55,00\u20ac HT de frais de livraison<\/strong><\/li>\n<li>Commande sup\u00e9rieure \u00e0 100,00\u20ac HT : <strong>40,00\u20ac HT de frais de livraison<\/strong><\/li>\n<\/ul>\n<p>&nbsp;<\/p>\n<p><strong>Zone 3 (Sur devis) :<\/strong> Livraison sur <a href=\"https:\/\/honfest.preprod-kalelia.fr\/contactez-nous\/\">demande au service commercial<\/a><\/p>\n<p><strong>Livraison apr\u00e8s 17h00 , les weekend et jours f\u00e9ri\u00e9s :<\/strong> sur demande \u00e0 notre service commercial<\/p>\n<h4>Retraits :<\/h4>\n<ul>\n<li><strong>Retrait au Laboratoire :<\/strong> Toutes vos commandes peuvent \u00eatre retir\u00e9es gratuitement \u00e0 notre Laboratoire<\/li>\n<li><strong>O\u00f9 ?<\/strong> 6 Impasse des M\u00e9talliers, 44840 Les Sorini\u00e8res<\/li>\n<li><strong>Quand ? <\/strong>Du lundi au vendredi de 7h00 \u00e0 17h00.<strong><br \/>\n<\/strong><\/li>\n<\/ul>\n<h2><\/h2>\n<h2>V\/ Responsabilit\u00e9 d\u2019Honor\u00e9 Festif<\/h2>\n<p>Honor\u00e9 Festif peut en cas de probl\u00e8me d\u2019approvisionnement, remplacer certains produits sans pr\u00e9avis.<\/p>\n<p>Honor\u00e9 Festif ne sera tenu responsable en cas de force majeure : Gr\u00e8ves, intemp\u00e9ries, sinistres affectant son laboratoire ou son service logistique.<\/p>\n<p>Honor\u00e9 Festif ne pourra \u00eatre tenu pour responsable si une information erron\u00e9e ou incompl\u00e8te est indiqu\u00e9e sur le bon de commande.<br \/>\nEn cas de non livraison d\u00fb \u00e0 des informations erron\u00e9es \u00e0 la commande, la totalit\u00e9 de la commande sera factur\u00e9e.<\/p>\n<p>Honor\u00e9 Festif engage sa responsabilit\u00e9 sur la qualit\u00e9 des produits servis.<br \/>\nLa l\u00e9gislation \u00ab Hygi\u00e8ne et Qualit\u00e9 \u00bb, impose au traiteur de jeter ou de d\u00e9truire tous produits pr\u00e9sent\u00e9s au consommateur ou r\u00e9chauff\u00e9s, \u00e0 l\u2019issue de la r\u00e9ception. En cons\u00e9quence, nous d\u00e9clinons toute responsabilit\u00e9 dans le cas o\u00f9 la commande ne serait pas consomm\u00e9e le jour m\u00eame de la livraison.<br \/>\nEn ce qui concerne la pr\u00e9sentation ou la saveur des produits, elle s&rsquo;engage \u00e0 faire ses meilleurs efforts pour apporter satisfaction au client, sans toutefois souscrire un engagement de r\u00e9sultat.<\/p>\n<h2>VI\/ Taux de TVA<\/h2>\n<p>La TVA \u00e0 taux r\u00e9duit (10%) est appliqu\u00e9e uniquement sur la nourriture, les boissons non alcoolis\u00e9es, le mat\u00e9riel de service jetable et les frais de livraison.<br \/>\nLa TVA \u00e0 taux normal s&rsquo;applique pour les boissons alcoolis\u00e9es (20%).<\/p>\n<h2>VII\/ Facturation<\/h2>\n<p><strong>1\u00e8re commande (nouveau client ou derni\u00e8re commande datant de plus de 2 mois) :<\/strong><br \/>\nPaiement comptant de la totalit\u00e9 de la commande (par carte bancaire en ligne &#8211; paiement s\u00e9curis\u00e9, par virement ou par ch\u00e8que \u00e0 la livraison).<\/p>\n<p><strong>Client r\u00e9gulier en compte (\u00e0 partir de la 2\u00e8me commande)<\/strong><br \/>\nPaiement de la totalit\u00e9 de la commande \u00e0 r\u00e9ception de facture sous 30 jours maximum (selon l\u2019art. L443-1 du code du Commerce).<\/p>\n","protected":false},"excerpt":{"rendered":"<p>I\/ Commande Un d\u00e9lai minimal de 48h00 ouvr\u00e9es (soit hors weekend et&#8230; <br \/><a class=\"readmore\" href=\"https:\/\/honfest.preprod-kalelia.fr\/?page_id=94\"><span class=\"btn_blog_list_arrow\">Lire plus<\/span><\/a><\/p>\n","protected":false},"author":1,"featured_media":0,"parent":0,"menu_order":0,"comment_status":"closed","ping_status":"closed","template":"","meta":{"footnotes":""},"class_list":["post-94","page","type-page","status-publish","hentry"],"yoast_head":"<!-- This site is optimized with the Yoast SEO plugin v25.9 - https:\/\/yoast.com\/wordpress\/plugins\/seo\/ -->\n<title>Conditions g\u00e9n\u00e9rales de vente | Honor\u00e9 Festif<\/title>\n<meta name=\"robots\" content=\"index, follow, max-snippet:-1, max-image-preview:large, max-video-preview:-1\" \/>\n<link rel=\"canonical\" href=\"https:\/\/honfest.preprod-kalelia.fr\/?page_id=94\" \/>\n<meta property=\"og:locale\" content=\"fr_FR\" \/>\n<meta property=\"og:type\" content=\"article\" \/>\n<meta property=\"og:title\" content=\"Conditions g\u00e9n\u00e9rales de vente | Honor\u00e9 Festif\" \/>\n<meta property=\"og:description\" content=\"I\/ Commande Un d\u00e9lai minimal de 48h00 ouvr\u00e9es (soit hors weekend et... Lire plus\" \/>\n<meta property=\"og:url\" content=\"https:\/\/honfest.preprod-kalelia.fr\/?page_id=94\" \/>\n<meta property=\"og:site_name\" content=\"Honor\u00e9 Festif\" \/>\n<meta property=\"article:modified_time\" content=\"2024-10-08T09:04:27+00:00\" \/>\n<meta name=\"twitter:card\" content=\"summary_large_image\" \/>\n<meta name=\"twitter:label1\" content=\"Dur\u00e9e de lecture estim\u00e9e\" \/>\n\t<meta name=\"twitter:data1\" content=\"4 minutes\" \/>\n<script type=\"application\/ld+json\" class=\"yoast-schema-graph\">{\"@context\":\"https:\/\/schema.org\",\"@graph\":[{\"@type\":\"WebPage\",\"@id\":\"https:\/\/honfest.preprod-kalelia.fr\/?page_id=94\",\"url\":\"https:\/\/honfest.preprod-kalelia.fr\/?page_id=94\",\"name\":\"Conditions g\u00e9n\u00e9rales de vente | Honor\u00e9 Festif\",\"isPartOf\":{\"@id\":\"https:\/\/honfest.preprod-kalelia.fr\/#website\"},\"datePublished\":\"2020-04-21T14:56:17+00:00\",\"dateModified\":\"2024-10-08T09:04:27+00:00\",\"breadcrumb\":{\"@id\":\"https:\/\/honfest.preprod-kalelia.fr\/?page_id=94#breadcrumb\"},\"inLanguage\":\"fr-FR\",\"potentialAction\":[{\"@type\":\"ReadAction\",\"target\":[\"https:\/\/honfest.preprod-kalelia.fr\/?page_id=94\"]}]},{\"@type\":\"BreadcrumbList\",\"@id\":\"https:\/\/honfest.preprod-kalelia.fr\/?page_id=94#breadcrumb\",\"itemListElement\":[{\"@type\":\"ListItem\",\"position\":1,\"name\":\"Accueil\",\"item\":\"https:\/\/honfest.preprod-kalelia.fr\/\"},{\"@type\":\"ListItem\",\"position\":2,\"name\":\"Conditions g\u00e9n\u00e9rales de vente\"}]},{\"@type\":\"WebSite\",\"@id\":\"https:\/\/honfest.preprod-kalelia.fr\/#website\",\"url\":\"https:\/\/honfest.preprod-kalelia.fr\/\",\"name\":\"Honor\u00e9 Festif\",\"description\":\"\",\"publisher\":{\"@id\":\"https:\/\/honfest.preprod-kalelia.fr\/#organization\"},\"potentialAction\":[{\"@type\":\"SearchAction\",\"target\":{\"@type\":\"EntryPoint\",\"urlTemplate\":\"https:\/\/honfest.preprod-kalelia.fr\/?s={search_term_string}\"},\"query-input\":{\"@type\":\"PropertyValueSpecification\",\"valueRequired\":true,\"valueName\":\"search_term_string\"}}],\"inLanguage\":\"fr-FR\"},{\"@type\":\"Organization\",\"@id\":\"https:\/\/honfest.preprod-kalelia.fr\/#organization\",\"name\":\"Honor\u00e9 Festif\",\"url\":\"https:\/\/honfest.preprod-kalelia.fr\/\",\"logo\":{\"@type\":\"ImageObject\",\"inLanguage\":\"fr-FR\",\"@id\":\"https:\/\/honfest.preprod-kalelia.fr\/#\/schema\/logo\/image\/\",\"url\":\"https:\/\/honfest.preprod-kalelia.fr\/wp-content\/uploads\/2020\/10\/logo-honore-festif.png\",\"contentUrl\":\"https:\/\/honfest.preprod-kalelia.fr\/wp-content\/uploads\/2020\/10\/logo-honore-festif.png\",\"width\":198,\"height\":118,\"caption\":\"Honor\u00e9 Festif\"},\"image\":{\"@id\":\"https:\/\/honfest.preprod-kalelia.fr\/#\/schema\/logo\/image\/\"}}]}<\/script>\n<!-- \/ Yoast SEO plugin. -->","yoast_head_json":{"title":"Conditions g\u00e9n\u00e9rales de vente | Honor\u00e9 Festif","robots":{"index":"index","follow":"follow","max-snippet":"max-snippet:-1","max-image-preview":"max-image-preview:large","max-video-preview":"max-video-preview:-1"},"canonical":"https:\/\/honfest.preprod-kalelia.fr\/?page_id=94","og_locale":"fr_FR","og_type":"article","og_title":"Conditions g\u00e9n\u00e9rales de vente | Honor\u00e9 Festif","og_description":"I\/ Commande Un d\u00e9lai minimal de 48h00 ouvr\u00e9es (soit hors weekend et... Lire plus","og_url":"https:\/\/honfest.preprod-kalelia.fr\/?page_id=94","og_site_name":"Honor\u00e9 Festif","article_modified_time":"2024-10-08T09:04:27+00:00","twitter_card":"summary_large_image","twitter_misc":{"Dur\u00e9e de lecture estim\u00e9e":"4 minutes"},"schema":{"@context":"https:\/\/schema.org","@graph":[{"@type":"WebPage","@id":"https:\/\/honfest.preprod-kalelia.fr\/?page_id=94","url":"https:\/\/honfest.preprod-kalelia.fr\/?page_id=94","name":"Conditions g\u00e9n\u00e9rales de vente | Honor\u00e9 Festif","isPartOf":{"@id":"https:\/\/honfest.preprod-kalelia.fr\/#website"},"datePublished":"2020-04-21T14:56:17+00:00","dateModified":"2024-10-08T09:04:27+00:00","breadcrumb":{"@id":"https:\/\/honfest.preprod-kalelia.fr\/?page_id=94#breadcrumb"},"inLanguage":"fr-FR","potentialAction":[{"@type":"ReadAction","target":["https:\/\/honfest.preprod-kalelia.fr\/?page_id=94"]}]},{"@type":"BreadcrumbList","@id":"https:\/\/honfest.preprod-kalelia.fr\/?page_id=94#breadcrumb","itemListElement":[{"@type":"ListItem","position":1,"name":"Accueil","item":"https:\/\/honfest.preprod-kalelia.fr\/"},{"@type":"ListItem","position":2,"name":"Conditions g\u00e9n\u00e9rales de vente"}]},{"@type":"WebSite","@id":"https:\/\/honfest.preprod-kalelia.fr\/#website","url":"https:\/\/honfest.preprod-kalelia.fr\/","name":"Honor\u00e9 Festif","description":"","publisher":{"@id":"https:\/\/honfest.preprod-kalelia.fr\/#organization"},"potentialAction":[{"@type":"SearchAction","target":{"@type":"EntryPoint","urlTemplate":"https:\/\/honfest.preprod-kalelia.fr\/?s={search_term_string}"},"query-input":{"@type":"PropertyValueSpecification","valueRequired":true,"valueName":"search_term_string"}}],"inLanguage":"fr-FR"},{"@type":"Organization","@id":"https:\/\/honfest.preprod-kalelia.fr\/#organization","name":"Honor\u00e9 Festif","url":"https:\/\/honfest.preprod-kalelia.fr\/","logo":{"@type":"ImageObject","inLanguage":"fr-FR","@id":"https:\/\/honfest.preprod-kalelia.fr\/#\/schema\/logo\/image\/","url":"https:\/\/honfest.preprod-kalelia.fr\/wp-content\/uploads\/2020\/10\/logo-honore-festif.png","contentUrl":"https:\/\/honfest.preprod-kalelia.fr\/wp-content\/uploads\/2020\/10\/logo-honore-festif.png","width":198,"height":118,"caption":"Honor\u00e9 Festif"},"image":{"@id":"https:\/\/honfest.preprod-kalelia.fr\/#\/schema\/logo\/image\/"}}]}},"_links":{"self":[{"href":"https:\/\/honfest.preprod-kalelia.fr\/index.php?rest_route=\/wp\/v2\/pages\/94","targetHints":{"allow":["GET"]}}],"collection":[{"href":"https:\/\/honfest.preprod-kalelia.fr\/index.php?rest_route=\/wp\/v2\/pages"}],"about":[{"href":"https:\/\/honfest.preprod-kalelia.fr\/index.php?rest_route=\/wp\/v2\/types\/page"}],"author":[{"embeddable":true,"href":"https:\/\/honfest.preprod-kalelia.fr\/index.php?rest_route=\/wp\/v2\/users\/1"}],"replies":[{"embeddable":true,"href":"https:\/\/honfest.preprod-kalelia.fr\/index.php?rest_route=%2Fwp%2Fv2%2Fcomments&post=94"}],"version-history":[{"count":15,"href":"https:\/\/honfest.preprod-kalelia.fr\/index.php?rest_route=\/wp\/v2\/pages\/94\/revisions"}],"predecessor-version":[{"id":17934,"href":"https:\/\/honfest.preprod-kalelia.fr\/index.php?rest_route=\/wp\/v2\/pages\/94\/revisions\/17934"}],"wp:attachment":[{"href":"https:\/\/honfest.preprod-kalelia.fr\/index.php?rest_route=%2Fwp%2Fv2%2Fmedia&parent=94"}],"curies":[{"name":"wp","href":"https:\/\/api.w.org\/{rel}","templated":true}]}}