{"id":10231,"date":"2022-10-04T12:42:50","date_gmt":"2022-10-04T10:42:50","guid":{"rendered":"https:\/\/www.honore-festif.com\/?post_type=product&#038;p=10231"},"modified":"2025-06-12T10:45:27","modified_gmt":"2025-06-12T08:45:27","slug":"banana-bread-dhonore-festif","status":"publish","type":"product","link":"https:\/\/honfest.preprod-kalelia.fr\/?product=banana-bread-dhonore-festif","title":{"rendered":"Banana Bread d&rsquo;Honor\u00e9 Festif"},"content":{"rendered":"","protected":false},"excerpt":{"rendered":"<p>Cake \u00e0 la banane \/ Cr\u00e9meux passion \/ Coulis de banane \u00e0 la vanille \/ Caramel passion &#8211; 8 parts<\/p>\n","protected":false},"featured_media":20085,"template":"","meta":[],"product_cat":[59],"product_tag":[366,385,387,589],"class_list":{"0":"post-10231","1":"product","2":"type-product","3":"status-publish","4":"has-post-thumbnail","6":"type-evt-produit-communion","7":"type-evt-produit-evenements-prives","8":"type-prest-produit-buffet-copieux-2h-assis","9":"saveur-produit-sucre","10":"product_cat-buffet-a-composer","11":"product_tag-buffet","12":"product_tag-dessert","13":"product_tag-patisserie","14":"product_tag-sable","16":"first","17":"instock","18":"taxable","19":"shipping-taxable","20":"purchasable","21":"product-type-simple"},"yoast_head":"<!-- This site is optimized with the Yoast SEO plugin v25.9 - https:\/\/yoast.com\/wordpress\/plugins\/seo\/ -->\n<title>Banana Bread d&#039;Honor\u00e9 Festif | Honor\u00e9 Festif<\/title>\n<meta name=\"description\" content=\"vente Banana Bread d&#039;Honor\u00e9 Festif particulier entreprise \u00e0 Nantes et Loire Atlantique\" \/>\n<meta name=\"robots\" content=\"index, follow, max-snippet:-1, max-image-preview:large, max-video-preview:-1\" \/>\n<link rel=\"canonical\" href=\"https:\/\/honfest.preprod-kalelia.fr\/?product=banana-bread-dhonore-festif\" \/>\n<meta property=\"og:locale\" content=\"fr_FR\" \/>\n<meta property=\"og:type\" content=\"article\" \/>\n<meta property=\"og:title\" content=\"Banana Bread d&#039;Honor\u00e9 Festif | Honor\u00e9 Festif\" \/>\n<meta property=\"og:description\" content=\"vente Banana Bread d&#039;Honor\u00e9 Festif particulier entreprise \u00e0 Nantes et Loire Atlantique\" \/>\n<meta property=\"og:url\" content=\"https:\/\/honfest.preprod-kalelia.fr\/?product=banana-bread-dhonore-festif\" \/>\n<meta property=\"og:site_name\" content=\"Honor\u00e9 Festif\" \/>\n<meta property=\"article:modified_time\" content=\"2025-06-12T08:45:27+00:00\" \/>\n<meta property=\"og:image\" content=\"https:\/\/honfest.preprod-kalelia.fr\/wp-content\/uploads\/2022\/10\/Cake-a-la-banane-cremeux-passion-coulis-de-banane-a-la-vanille-caramel-passion.png\" \/>\n\t<meta property=\"og:image:width\" content=\"1900\" \/>\n\t<meta property=\"og:image:height\" content=\"1900\" \/>\n\t<meta property=\"og:image:type\" content=\"image\/png\" \/>\n<meta name=\"twitter:card\" content=\"summary_large_image\" \/>\n<meta name=\"twitter:label1\" content=\"Dur\u00e9e de lecture estim\u00e9e\" \/>\n\t<meta name=\"twitter:data1\" content=\"1 minute\" \/>\n<script type=\"application\/ld+json\" class=\"yoast-schema-graph\">{\"@context\":\"https:\/\/schema.org\",\"@graph\":[{\"@type\":\"WebPage\",\"@id\":\"https:\/\/honfest.preprod-kalelia.fr\/?product=banana-bread-dhonore-festif\",\"url\":\"https:\/\/honfest.preprod-kalelia.fr\/?product=banana-bread-dhonore-festif\",\"name\":\"Banana Bread d'Honor\u00e9 Festif | Honor\u00e9 Festif\",\"isPartOf\":{\"@id\":\"https:\/\/honfest.preprod-kalelia.fr\/#website\"},\"primaryImageOfPage\":{\"@id\":\"https:\/\/honfest.preprod-kalelia.fr\/?product=banana-bread-dhonore-festif#primaryimage\"},\"image\":{\"@id\":\"https:\/\/honfest.preprod-kalelia.fr\/?product=banana-bread-dhonore-festif#primaryimage\"},\"thumbnailUrl\":\"https:\/\/honfest.preprod-kalelia.fr\/wp-content\/uploads\/2022\/10\/Cake-a-la-banane-cremeux-passion-coulis-de-banane-a-la-vanille-caramel-passion.png\",\"datePublished\":\"2022-10-04T10:42:50+00:00\",\"dateModified\":\"2025-06-12T08:45:27+00:00\",\"description\":\"vente Banana Bread d'Honor\u00e9 Festif particulier entreprise \u00e0 Nantes et Loire Atlantique\",\"breadcrumb\":{\"@id\":\"https:\/\/honfest.preprod-kalelia.fr\/?product=banana-bread-dhonore-festif#breadcrumb\"},\"inLanguage\":\"fr-FR\",\"potentialAction\":[{\"@type\":\"ReadAction\",\"target\":[\"https:\/\/honfest.preprod-kalelia.fr\/?product=banana-bread-dhonore-festif\"]}]},{\"@type\":\"ImageObject\",\"inLanguage\":\"fr-FR\",\"@id\":\"https:\/\/honfest.preprod-kalelia.fr\/?product=banana-bread-dhonore-festif#primaryimage\",\"url\":\"https:\/\/honfest.preprod-kalelia.fr\/wp-content\/uploads\/2022\/10\/Cake-a-la-banane-cremeux-passion-coulis-de-banane-a-la-vanille-caramel-passion.png\",\"contentUrl\":\"https:\/\/honfest.preprod-kalelia.fr\/wp-content\/uploads\/2022\/10\/Cake-a-la-banane-cremeux-passion-coulis-de-banane-a-la-vanille-caramel-passion.png\",\"width\":1900,\"height\":1900},{\"@type\":\"BreadcrumbList\",\"@id\":\"https:\/\/honfest.preprod-kalelia.fr\/?product=banana-bread-dhonore-festif#breadcrumb\",\"itemListElement\":[{\"@type\":\"ListItem\",\"position\":1,\"name\":\"Accueil\",\"item\":\"https:\/\/honfest.preprod-kalelia.fr\/\"},{\"@type\":\"ListItem\",\"position\":2,\"name\":\"Banana Bread d&rsquo;Honor\u00e9 Festif\"}]},{\"@type\":\"WebSite\",\"@id\":\"https:\/\/honfest.preprod-kalelia.fr\/#website\",\"url\":\"https:\/\/honfest.preprod-kalelia.fr\/\",\"name\":\"Honor\u00e9 Festif\",\"description\":\"\",\"publisher\":{\"@id\":\"https:\/\/honfest.preprod-kalelia.fr\/#organization\"},\"potentialAction\":[{\"@type\":\"SearchAction\",\"target\":{\"@type\":\"EntryPoint\",\"urlTemplate\":\"https:\/\/honfest.preprod-kalelia.fr\/?s={search_term_string}\"},\"query-input\":{\"@type\":\"PropertyValueSpecification\",\"valueRequired\":true,\"valueName\":\"search_term_string\"}}],\"inLanguage\":\"fr-FR\"},{\"@type\":\"Organization\",\"@id\":\"https:\/\/honfest.preprod-kalelia.fr\/#organization\",\"name\":\"Honor\u00e9 Festif\",\"url\":\"https:\/\/honfest.preprod-kalelia.fr\/\",\"logo\":{\"@type\":\"ImageObject\",\"inLanguage\":\"fr-FR\",\"@id\":\"https:\/\/honfest.preprod-kalelia.fr\/#\/schema\/logo\/image\/\",\"url\":\"https:\/\/honfest.preprod-kalelia.fr\/wp-content\/uploads\/2020\/10\/logo-honore-festif.png\",\"contentUrl\":\"https:\/\/honfest.preprod-kalelia.fr\/wp-content\/uploads\/2020\/10\/logo-honore-festif.png\",\"width\":198,\"height\":118,\"caption\":\"Honor\u00e9 Festif\"},\"image\":{\"@id\":\"https:\/\/honfest.preprod-kalelia.fr\/#\/schema\/logo\/image\/\"}}]}<\/script>\n<!-- \/ Yoast SEO plugin. -->","yoast_head_json":{"title":"Banana Bread d'Honor\u00e9 Festif | Honor\u00e9 Festif","description":"vente Banana Bread d'Honor\u00e9 Festif particulier entreprise \u00e0 Nantes et Loire Atlantique","robots":{"index":"index","follow":"follow","max-snippet":"max-snippet:-1","max-image-preview":"max-image-preview:large","max-video-preview":"max-video-preview:-1"},"canonical":"https:\/\/honfest.preprod-kalelia.fr\/?product=banana-bread-dhonore-festif","og_locale":"fr_FR","og_type":"article","og_title":"Banana Bread d'Honor\u00e9 Festif | Honor\u00e9 Festif","og_description":"vente Banana Bread d'Honor\u00e9 Festif particulier entreprise \u00e0 Nantes et Loire Atlantique","og_url":"https:\/\/honfest.preprod-kalelia.fr\/?product=banana-bread-dhonore-festif","og_site_name":"Honor\u00e9 Festif","article_modified_time":"2025-06-12T08:45:27+00:00","og_image":[{"width":1900,"height":1900,"url":"https:\/\/honfest.preprod-kalelia.fr\/wp-content\/uploads\/2022\/10\/Cake-a-la-banane-cremeux-passion-coulis-de-banane-a-la-vanille-caramel-passion.png","type":"image\/png"}],"twitter_card":"summary_large_image","twitter_misc":{"Dur\u00e9e de lecture estim\u00e9e":"1 minute"},"schema":{"@context":"https:\/\/schema.org","@graph":[{"@type":"WebPage","@id":"https:\/\/honfest.preprod-kalelia.fr\/?product=banana-bread-dhonore-festif","url":"https:\/\/honfest.preprod-kalelia.fr\/?product=banana-bread-dhonore-festif","name":"Banana Bread d'Honor\u00e9 Festif | Honor\u00e9 Festif","isPartOf":{"@id":"https:\/\/honfest.preprod-kalelia.fr\/#website"},"primaryImageOfPage":{"@id":"https:\/\/honfest.preprod-kalelia.fr\/?product=banana-bread-dhonore-festif#primaryimage"},"image":{"@id":"https:\/\/honfest.preprod-kalelia.fr\/?product=banana-bread-dhonore-festif#primaryimage"},"thumbnailUrl":"https:\/\/honfest.preprod-kalelia.fr\/wp-content\/uploads\/2022\/10\/Cake-a-la-banane-cremeux-passion-coulis-de-banane-a-la-vanille-caramel-passion.png","datePublished":"2022-10-04T10:42:50+00:00","dateModified":"2025-06-12T08:45:27+00:00","description":"vente Banana Bread d'Honor\u00e9 Festif particulier entreprise \u00e0 Nantes et Loire Atlantique","breadcrumb":{"@id":"https:\/\/honfest.preprod-kalelia.fr\/?product=banana-bread-dhonore-festif#breadcrumb"},"inLanguage":"fr-FR","potentialAction":[{"@type":"ReadAction","target":["https:\/\/honfest.preprod-kalelia.fr\/?product=banana-bread-dhonore-festif"]}]},{"@type":"ImageObject","inLanguage":"fr-FR","@id":"https:\/\/honfest.preprod-kalelia.fr\/?product=banana-bread-dhonore-festif#primaryimage","url":"https:\/\/honfest.preprod-kalelia.fr\/wp-content\/uploads\/2022\/10\/Cake-a-la-banane-cremeux-passion-coulis-de-banane-a-la-vanille-caramel-passion.png","contentUrl":"https:\/\/honfest.preprod-kalelia.fr\/wp-content\/uploads\/2022\/10\/Cake-a-la-banane-cremeux-passion-coulis-de-banane-a-la-vanille-caramel-passion.png","width":1900,"height":1900},{"@type":"BreadcrumbList","@id":"https:\/\/honfest.preprod-kalelia.fr\/?product=banana-bread-dhonore-festif#breadcrumb","itemListElement":[{"@type":"ListItem","position":1,"name":"Accueil","item":"https:\/\/honfest.preprod-kalelia.fr\/"},{"@type":"ListItem","position":2,"name":"Banana Bread d&rsquo;Honor\u00e9 Festif"}]},{"@type":"WebSite","@id":"https:\/\/honfest.preprod-kalelia.fr\/#website","url":"https:\/\/honfest.preprod-kalelia.fr\/","name":"Honor\u00e9 Festif","description":"","publisher":{"@id":"https:\/\/honfest.preprod-kalelia.fr\/#organization"},"potentialAction":[{"@type":"SearchAction","target":{"@type":"EntryPoint","urlTemplate":"https:\/\/honfest.preprod-kalelia.fr\/?s={search_term_string}"},"query-input":{"@type":"PropertyValueSpecification","valueRequired":true,"valueName":"search_term_string"}}],"inLanguage":"fr-FR"},{"@type":"Organization","@id":"https:\/\/honfest.preprod-kalelia.fr\/#organization","name":"Honor\u00e9 Festif","url":"https:\/\/honfest.preprod-kalelia.fr\/","logo":{"@type":"ImageObject","inLanguage":"fr-FR","@id":"https:\/\/honfest.preprod-kalelia.fr\/#\/schema\/logo\/image\/","url":"https:\/\/honfest.preprod-kalelia.fr\/wp-content\/uploads\/2020\/10\/logo-honore-festif.png","contentUrl":"https:\/\/honfest.preprod-kalelia.fr\/wp-content\/uploads\/2020\/10\/logo-honore-festif.png","width":198,"height":118,"caption":"Honor\u00e9 Festif"},"image":{"@id":"https:\/\/honfest.preprod-kalelia.fr\/#\/schema\/logo\/image\/"}}]}},"_links":{"self":[{"href":"https:\/\/honfest.preprod-kalelia.fr\/index.php?rest_route=\/wp\/v2\/product\/10231","targetHints":{"allow":["GET"]}}],"collection":[{"href":"https:\/\/honfest.preprod-kalelia.fr\/index.php?rest_route=\/wp\/v2\/product"}],"about":[{"href":"https:\/\/honfest.preprod-kalelia.fr\/index.php?rest_route=\/wp\/v2\/types\/product"}],"wp:featuredmedia":[{"embeddable":true,"href":"https:\/\/honfest.preprod-kalelia.fr\/index.php?rest_route=\/wp\/v2\/media\/20085"}],"wp:attachment":[{"href":"https:\/\/honfest.preprod-kalelia.fr\/index.php?rest_route=%2Fwp%2Fv2%2Fmedia&parent=10231"}],"wp:term":[{"taxonomy":"product_cat","embeddable":true,"href":"https:\/\/honfest.preprod-kalelia.fr\/index.php?rest_route=%2Fwp%2Fv2%2Fproduct_cat&post=10231"},{"taxonomy":"product_tag","embeddable":true,"href":"https:\/\/honfest.preprod-kalelia.fr\/index.php?rest_route=%2Fwp%2Fv2%2Fproduct_tag&post=10231"}],"curies":[{"name":"wp","href":"https:\/\/api.w.org\/{rel}","templated":true}]}}