{"id":1501,"date":"2017-04-14T09:34:54","date_gmt":"2017-04-14T07:34:54","guid":{"rendered":"http:\/\/honorefestif.1-ter-net.net\/?product=buffet-plat-chaud-festif"},"modified":"2025-05-14T15:11:33","modified_gmt":"2025-05-14T13:11:33","slug":"buffet-plat-chaud-festif","status":"publish","type":"product","link":"https:\/\/honfest.preprod-kalelia.fr\/?product=buffet-plat-chaud-festif","title":{"rendered":"Buffet plat chaud  \u00ab\u00a0Festif\u00a0\u00bb"},"content":{"rendered":"<p style=\"text-align: center\"><span style=\"text-decoration: underline\"><strong><em>D\u00e9lai de commande &#8211; 72h minimum (hors weekend et jours f\u00e9ri\u00e9s)<\/em><\/strong><\/span><\/p>\n<p style=\"text-align: center\"><em>Le \u00a0buffet \u00ab\u00a0Festif\u00a0\u00bb convient pour un repas de 1h30 \u00e0 2h00<\/em><\/p>\n<p style=\"text-align: center\"><em><strong>Ce buffet comprend\u00a0<\/strong><\/em><span style=\"text-decoration: underline;color: #17683c\"><strong>la nourriture uniquement<\/strong><\/span><em><strong>, dress\u00e9e sur supports jetables de qualit\u00e9<\/strong><\/em><\/p>\n<p style=\"text-align: center\">\u00a0<\/p>\n<p><span style=\"text-decoration: underline\"><strong>Buffet sal\u00e9<\/strong><\/span><\/p>\n<p style=\"text-align: center\"><em><strong>Le buffet d&rsquo;entr\u00e9es (200g par personne)<\/strong><\/em><\/p>\n<p style=\"text-align: center\">La salade Cr\u00e9ole (semoule, mangue, crevettes, courgettes, tomates et vinaigrette)<\/p>\n<p style=\"text-align: center\">La salade Vigneronne (raisins blancs, haricots verts, chou blanc, poulet, noisettes et vinaigrette)<\/p>\n<p style=\"text-align: center\">Concombres \u00e0 la cr\u00e8me et fines herbes<\/p>\n<p style=\"text-align: center\">Plateau de terrines de poissons \u00ab\u00a0Maison\u00a0\u00bb<\/p>\n<p style=\"text-align: center\"><em><strong>Le\u00a0Plat Chaud (250g par personne &#8211; 1 recette <strong><em>viande ou poisson <\/em><\/strong>au choix)<\/strong><\/em><\/p>\n<p style=\"text-align: center\"><em><strong>Choix du plat \u00e0 indiquer dans la rubrique \u00ab\u00a0informations compl\u00e9mentaires\u00a0\u00bb<\/strong><\/em><\/p>\n<p style=\"text-align: center\"><em>Conditionn\u00e9 dans des barquettes aluminium &#8211; \u00e0 r\u00e9chauffer par vos soins : 20 min \u00e0 150\u00b0C<\/em><\/p>\n<p style=\"text-align: center\">Poulet en cocotte \u00ab\u00a0grand-m\u00e8re\u00a0\u00bb et son riz blanc<\/p>\n<p style=\"text-align: center\">Blanquette de veau \u00e0 l&rsquo;ancienne, p\u00e9pinette fondante<\/p>\n<p style=\"text-align: center\">Curry de saumon aux poivrons multicolores et fine semoule<\/p>\n<p style=\"text-align: center\">Pot au feu de cabillaud (pomme de terre-poireau-carotte)<\/p>\n<p style=\"text-align: center\"><em><strong>Le fromage (50g par personne)<\/strong><\/em><\/p>\n<p style=\"text-align: center\">Plateau de fromages d\u00e9coup\u00e9s\u00a0<\/p>\n<p style=\"text-align: center\"><em><strong>La ronde des pains (100g par personne) et les condiments (30g par personne)<\/strong><\/em><\/p>\n<p style=\"text-align: center\"><span>Pains au levain tranch\u00e9s vari\u00e9s de fabrication \u00ab\u00a0Maison\u00a0\u00bb :<\/span>\u00a0froment,3 couleurs,\u00a0raisins-amandes\u00a0\u00a0\u00a0<\/p>\n<p style=\"text-align: center\"><span>C<\/span><span>ondiments vari\u00e9s :<\/span>\u00a0mayonnaise aux herbes fra\u00eeches, moutarde \u00e0 l&rsquo;ancienne, beurre 1\/2 sel \u00ab\u00a0Conviette\u00a0\u00bb<\/p>\n<p style=\"text-align: center\">\n<p><span style=\"text-decoration: underline\"><strong>Buffet Sucr\u00e9<\/strong><\/span><\/p>\n<p style=\"text-align: center\"><em><strong>L&rsquo;assortiment de dessert peut \u00eatre le suivant en fonction de notre fabrication (1,5 parts par personne)<\/strong><\/em><\/p>\n<p style=\"text-align: center\"><span>Tarte infiniment exotique\u00a0<\/span><\/p>\n<p style=\"text-align: center\"><span>Entremet \u00ab\u00a0Macaron poire Belle H\u00e9l\u00e8ne\u00a0\u00bb\u00a0<\/span><\/p>\n<p style=\"text-align: center\"><span>Entremet \u00ab\u00a0Latte Moccha\u00a0\u00bb<\/span><\/p>\n<p style=\"text-align: center\">Corbeille de fruits frais de saison<\/p>\n<p><a href=\"https:\/\/honfest.preprod-kalelia.fr\/wp-content\/uploads\/2017\/04\/Conditions-Generales-de-ventes-site-Internet.pdf\" target=\"_blank\" rel=\"noopener noreferrer\"><img loading=\"lazy\" decoding=\"async\" class=\" size-full wp-image-1500\" alt=\"\" src=\"https:\/\/honfest.preprod-kalelia.fr\/wp-content\/uploads\/2017\/04\/Delai-48h.jpg\" style=\"margin-left: auto;margin-right: auto\" width=\"74\" height=\"55\" \/><\/a><\/p>\n","protected":false},"excerpt":{"rendered":"<p style=\"text-align: center;\"><span style=\"text-decoration: underline;\"><strong><em>D\u00e9lai de commande &#8211; 72h minimum (hors weekend et jours f\u00e9ri\u00e9s)<\/em><\/strong><\/span><\/p>\n<p style=\"text-align: center;\"><em>Le \u00a0buffet \u00ab\u00a0Festif\u00a0\u00bb convient pour un repas de 1h30 \u00e0 2h00<\/em><\/p>\n<p style=\"text-align: center;\"><em><strong>Ce buffet comprend\u00a0<\/strong><\/em><span style=\"text-decoration: underline; color: #17683c;\"><strong>la nourriture uniquement<\/strong><\/span><em><strong>, dress\u00e9e sur supports jetables de qualit\u00e9<\/strong><\/em><\/p>\n<p><span style=\"text-decoration: underline;\"><strong>Buffet sal\u00e9<\/strong><\/span><\/p>\n<p style=\"text-align: center;\"><em><strong>Le buffet d&rsquo;entr\u00e9es (200g par personne)<\/strong><\/em><\/p>\n<p style=\"text-align: center;\">La Ni\u00e7oise \u00ab V\u00e9g\u00e9tarienne \u00bb (Haricots verts, tomates, poivrons, f\u00e8ves, c\u00e9bettes, olives et vinaigrette)<\/p>\n<p style=\"text-align: center;\">L&rsquo;Auvergnate \u00ab V\u00e9g\u00e9tarienne \u00bb (L\u00e9gumes verts, Bleu d&rsquo;Auvergne, Noisettes grill\u00e9es, Poires poch\u00e9es)<\/p>\n<p style=\"text-align: center;\">La Rustique \u00ab\u00a0V\u00e9g\u00e9tarienne\u00a0\u00bb (pommes de terre, tomates, emmental, ma\u00efs, oeuf dur et mayonnaise)<\/p>\n<p style=\"text-align: center;\">Plateau de terrines de poissons \u00ab\u00a0Maison\u00a0\u00bb<\/p>\n<p style=\"text-align: center;\">Plateau de trilogie de saumon \u00ab\u00a0Maison\u00a0\u00bb<\/p>\n<p style=\"text-align: center;\"><em><strong>Le\u00a0Plat Chaud (250g par personne &#8211; 1 recette viande ou poisson au choix)<\/strong><\/em><\/p>\n<p style=\"text-align: center;\"><em><strong>Choix du plat \u00e0 indiquer dans la rubrique \u00ab\u00a0informations compl\u00e9mentaires\u00a0\u00bb<\/strong><\/em><\/p>\n<p style=\"text-align: center;\"><em>Conditionn\u00e9 dans des barquettes\u00a0 &#8211; \u00e0 r\u00e9chauffer par vos soins : 20 min \u00e0 150\u00b0C<\/em><\/p>\n<p style=\"text-align: center;\">Poulet en cocotte \u00ab\u00a0grand-m\u00e8re\u00a0\u00bb et son bouquet de l\u00e9gumes d&rsquo;hiver<\/p>\n<p style=\"text-align: center;\">Blanquette de veau \u00e0 l&rsquo;ancienne, riz Pilaf<\/p>\n<p style=\"text-align: center;\">Curry de saumon aux poivrons multicolores et fine semoule<\/p>\n<p style=\"text-align: center;\">Pot au feu de cabillaud (pomme de terre-poireau-carotte), fine cr\u00e8me de crustac\u00e9es<\/p>\n<p style=\"text-align: center;\"><em><strong>Le fromage (50g par personne)<\/strong><\/em><\/p>\n<p style=\"text-align: center;\">Plateau de fromages affin\u00e9s d\u00e9coup\u00e9s<\/p>\n<p style=\"text-align: center;\"><em><strong>La ronde des pains (100g par personne) et les condiments (30g par personne)<\/strong><\/em><\/p>\n<p style=\"text-align: center;\">Pains au levain tranch\u00e9s vari\u00e9s\u00a0 : froment, seigle-citron, noix<\/p>\n<p style=\"text-align: center;\">Condiments vari\u00e9s :\u00a0mayonnaise aux herbes fra\u00eeches, moutarde \u00e0 l&rsquo;ancienne, beurre 1\/2 sel \u00ab\u00a0Conviette\u00a0\u00bb<\/p>\n<p><span style=\"text-decoration: underline;\"><strong>Buffet Sucr\u00e9<\/strong><\/span><\/p>\n<p style=\"text-align: center;\"><em><strong>L&rsquo;assortiment de dessert peut \u00eatre le suivant en fonction de notre fabrication (1,5 parts par personne)<br \/>\n<\/strong><\/em><\/p>\n<p style=\"text-align: center;\">Cake \u00e0 la banane \/ Cr\u00e9meux passion \/ Coulis de banane \u00e0 la vanille \/ Caramel passion<\/p>\n<p style=\"text-align: center;\">La revisite du Paris Brest<\/p>\n<p style=\"text-align: center;\">Salade de fruits exotiques<\/p>\n<p style=\"text-align: center;\">Finger \/ Sabl\u00e9 croustifondant \/ caramel aux \u00e9clats de cacahu\u00e8tes \/ chantilly au chocolat au lait<\/p>\n","protected":false},"featured_media":6738,"template":"","meta":[],"product_cat":[52],"product_tag":[330,366,329,328],"class_list":{"0":"post-1501","1":"product","2":"type-product","3":"status-publish","4":"has-post-thumbnail","6":"type-evt-produit-communion","7":"type-prest-produit-buffet-copieux-2h-assis","8":"type-prest-produit-repas-assis-a-lassiette","9":"saveur-produit-un-peu-de-tout","10":"product_cat-buffet-du-chef","11":"product_tag-330","12":"product_tag-buffet","13":"product_tag-livraison","14":"product_tag-traiteur","16":"first","17":"instock","18":"taxable","19":"shipping-taxable","20":"purchasable","21":"product-type-simple"},"yoast_head":"<!-- This site is optimized with the Yoast SEO plugin v25.9 - https:\/\/yoast.com\/wordpress\/plugins\/seo\/ -->\n<title>Buffet plat chaud &quot;Festif&quot; | Honor\u00e9 Festif<\/title>\n<meta name=\"description\" content=\"vente Buffet plat chaud &quot;Festif&quot; pour particulier et entreprise | Nantes et Loire Atlantique\" \/>\n<meta name=\"robots\" content=\"index, follow, max-snippet:-1, max-image-preview:large, max-video-preview:-1\" \/>\n<link rel=\"canonical\" href=\"https:\/\/honfest.preprod-kalelia.fr\/?product=buffet-plat-chaud-festif\" \/>\n<meta property=\"og:locale\" content=\"fr_FR\" \/>\n<meta property=\"og:type\" content=\"article\" \/>\n<meta property=\"og:title\" content=\"Buffet plat chaud &quot;Festif&quot; | Honor\u00e9 Festif\" \/>\n<meta property=\"og:description\" content=\"vente Buffet plat chaud &quot;Festif&quot; pour particulier et entreprise | Nantes et Loire Atlantique\" \/>\n<meta property=\"og:url\" content=\"https:\/\/honfest.preprod-kalelia.fr\/?product=buffet-plat-chaud-festif\" \/>\n<meta property=\"og:site_name\" content=\"Honor\u00e9 Festif\" \/>\n<meta property=\"article:modified_time\" content=\"2025-05-14T13:11:33+00:00\" \/>\n<meta property=\"og:image\" content=\"https:\/\/honfest.preprod-kalelia.fr\/wp-content\/uploads\/2017\/04\/pexels-rene-asmussen-2977515-scaled.jpg\" \/>\n\t<meta property=\"og:image:width\" content=\"2560\" \/>\n\t<meta property=\"og:image:height\" content=\"1707\" \/>\n\t<meta property=\"og:image:type\" content=\"image\/jpeg\" \/>\n<meta name=\"twitter:card\" content=\"summary_large_image\" \/>\n<meta name=\"twitter:label1\" content=\"Dur\u00e9e de lecture estim\u00e9e\" \/>\n\t<meta name=\"twitter:data1\" content=\"1 minute\" \/>\n<script type=\"application\/ld+json\" class=\"yoast-schema-graph\">{\"@context\":\"https:\/\/schema.org\",\"@graph\":[{\"@type\":\"WebPage\",\"@id\":\"https:\/\/honfest.preprod-kalelia.fr\/?product=buffet-plat-chaud-festif\",\"url\":\"https:\/\/honfest.preprod-kalelia.fr\/?product=buffet-plat-chaud-festif\",\"name\":\"Buffet plat chaud \\\"Festif\\\" | Honor\u00e9 Festif\",\"isPartOf\":{\"@id\":\"https:\/\/honfest.preprod-kalelia.fr\/#website\"},\"primaryImageOfPage\":{\"@id\":\"https:\/\/honfest.preprod-kalelia.fr\/?product=buffet-plat-chaud-festif#primaryimage\"},\"image\":{\"@id\":\"https:\/\/honfest.preprod-kalelia.fr\/?product=buffet-plat-chaud-festif#primaryimage\"},\"thumbnailUrl\":\"https:\/\/honfest.preprod-kalelia.fr\/wp-content\/uploads\/2017\/04\/pexels-rene-asmussen-2977515-scaled.jpg\",\"datePublished\":\"2017-04-14T07:34:54+00:00\",\"dateModified\":\"2025-05-14T13:11:33+00:00\",\"description\":\"vente Buffet plat chaud \\\"Festif\\\" pour particulier et entreprise | Nantes et Loire Atlantique\",\"breadcrumb\":{\"@id\":\"https:\/\/honfest.preprod-kalelia.fr\/?product=buffet-plat-chaud-festif#breadcrumb\"},\"inLanguage\":\"fr-FR\",\"potentialAction\":[{\"@type\":\"ReadAction\",\"target\":[\"https:\/\/honfest.preprod-kalelia.fr\/?product=buffet-plat-chaud-festif\"]}]},{\"@type\":\"ImageObject\",\"inLanguage\":\"fr-FR\",\"@id\":\"https:\/\/honfest.preprod-kalelia.fr\/?product=buffet-plat-chaud-festif#primaryimage\",\"url\":\"https:\/\/honfest.preprod-kalelia.fr\/wp-content\/uploads\/2017\/04\/pexels-rene-asmussen-2977515-scaled.jpg\",\"contentUrl\":\"https:\/\/honfest.preprod-kalelia.fr\/wp-content\/uploads\/2017\/04\/pexels-rene-asmussen-2977515-scaled.jpg\",\"width\":2560,\"height\":1707},{\"@type\":\"BreadcrumbList\",\"@id\":\"https:\/\/honfest.preprod-kalelia.fr\/?product=buffet-plat-chaud-festif#breadcrumb\",\"itemListElement\":[{\"@type\":\"ListItem\",\"position\":1,\"name\":\"Accueil\",\"item\":\"https:\/\/honfest.preprod-kalelia.fr\/\"},{\"@type\":\"ListItem\",\"position\":2,\"name\":\"Buffet plat chaud \u00ab\u00a0Festif\u00a0\u00bb\"}]},{\"@type\":\"WebSite\",\"@id\":\"https:\/\/honfest.preprod-kalelia.fr\/#website\",\"url\":\"https:\/\/honfest.preprod-kalelia.fr\/\",\"name\":\"Honor\u00e9 Festif\",\"description\":\"\",\"publisher\":{\"@id\":\"https:\/\/honfest.preprod-kalelia.fr\/#organization\"},\"potentialAction\":[{\"@type\":\"SearchAction\",\"target\":{\"@type\":\"EntryPoint\",\"urlTemplate\":\"https:\/\/honfest.preprod-kalelia.fr\/?s={search_term_string}\"},\"query-input\":{\"@type\":\"PropertyValueSpecification\",\"valueRequired\":true,\"valueName\":\"search_term_string\"}}],\"inLanguage\":\"fr-FR\"},{\"@type\":\"Organization\",\"@id\":\"https:\/\/honfest.preprod-kalelia.fr\/#organization\",\"name\":\"Honor\u00e9 Festif\",\"url\":\"https:\/\/honfest.preprod-kalelia.fr\/\",\"logo\":{\"@type\":\"ImageObject\",\"inLanguage\":\"fr-FR\",\"@id\":\"https:\/\/honfest.preprod-kalelia.fr\/#\/schema\/logo\/image\/\",\"url\":\"https:\/\/honfest.preprod-kalelia.fr\/wp-content\/uploads\/2020\/10\/logo-honore-festif.png\",\"contentUrl\":\"https:\/\/honfest.preprod-kalelia.fr\/wp-content\/uploads\/2020\/10\/logo-honore-festif.png\",\"width\":198,\"height\":118,\"caption\":\"Honor\u00e9 Festif\"},\"image\":{\"@id\":\"https:\/\/honfest.preprod-kalelia.fr\/#\/schema\/logo\/image\/\"}}]}<\/script>\n<!-- \/ Yoast SEO plugin. -->","yoast_head_json":{"title":"Buffet plat chaud \"Festif\" | Honor\u00e9 Festif","description":"vente Buffet plat chaud \"Festif\" pour particulier et entreprise | Nantes et Loire Atlantique","robots":{"index":"index","follow":"follow","max-snippet":"max-snippet:-1","max-image-preview":"max-image-preview:large","max-video-preview":"max-video-preview:-1"},"canonical":"https:\/\/honfest.preprod-kalelia.fr\/?product=buffet-plat-chaud-festif","og_locale":"fr_FR","og_type":"article","og_title":"Buffet plat chaud \"Festif\" | Honor\u00e9 Festif","og_description":"vente Buffet plat chaud \"Festif\" pour particulier et entreprise | Nantes et Loire Atlantique","og_url":"https:\/\/honfest.preprod-kalelia.fr\/?product=buffet-plat-chaud-festif","og_site_name":"Honor\u00e9 Festif","article_modified_time":"2025-05-14T13:11:33+00:00","og_image":[{"width":2560,"height":1707,"url":"https:\/\/honfest.preprod-kalelia.fr\/wp-content\/uploads\/2017\/04\/pexels-rene-asmussen-2977515-scaled.jpg","type":"image\/jpeg"}],"twitter_card":"summary_large_image","twitter_misc":{"Dur\u00e9e de lecture estim\u00e9e":"1 minute"},"schema":{"@context":"https:\/\/schema.org","@graph":[{"@type":"WebPage","@id":"https:\/\/honfest.preprod-kalelia.fr\/?product=buffet-plat-chaud-festif","url":"https:\/\/honfest.preprod-kalelia.fr\/?product=buffet-plat-chaud-festif","name":"Buffet plat chaud \"Festif\" | Honor\u00e9 Festif","isPartOf":{"@id":"https:\/\/honfest.preprod-kalelia.fr\/#website"},"primaryImageOfPage":{"@id":"https:\/\/honfest.preprod-kalelia.fr\/?product=buffet-plat-chaud-festif#primaryimage"},"image":{"@id":"https:\/\/honfest.preprod-kalelia.fr\/?product=buffet-plat-chaud-festif#primaryimage"},"thumbnailUrl":"https:\/\/honfest.preprod-kalelia.fr\/wp-content\/uploads\/2017\/04\/pexels-rene-asmussen-2977515-scaled.jpg","datePublished":"2017-04-14T07:34:54+00:00","dateModified":"2025-05-14T13:11:33+00:00","description":"vente Buffet plat chaud \"Festif\" pour particulier et entreprise | Nantes et Loire Atlantique","breadcrumb":{"@id":"https:\/\/honfest.preprod-kalelia.fr\/?product=buffet-plat-chaud-festif#breadcrumb"},"inLanguage":"fr-FR","potentialAction":[{"@type":"ReadAction","target":["https:\/\/honfest.preprod-kalelia.fr\/?product=buffet-plat-chaud-festif"]}]},{"@type":"ImageObject","inLanguage":"fr-FR","@id":"https:\/\/honfest.preprod-kalelia.fr\/?product=buffet-plat-chaud-festif#primaryimage","url":"https:\/\/honfest.preprod-kalelia.fr\/wp-content\/uploads\/2017\/04\/pexels-rene-asmussen-2977515-scaled.jpg","contentUrl":"https:\/\/honfest.preprod-kalelia.fr\/wp-content\/uploads\/2017\/04\/pexels-rene-asmussen-2977515-scaled.jpg","width":2560,"height":1707},{"@type":"BreadcrumbList","@id":"https:\/\/honfest.preprod-kalelia.fr\/?product=buffet-plat-chaud-festif#breadcrumb","itemListElement":[{"@type":"ListItem","position":1,"name":"Accueil","item":"https:\/\/honfest.preprod-kalelia.fr\/"},{"@type":"ListItem","position":2,"name":"Buffet plat chaud \u00ab\u00a0Festif\u00a0\u00bb"}]},{"@type":"WebSite","@id":"https:\/\/honfest.preprod-kalelia.fr\/#website","url":"https:\/\/honfest.preprod-kalelia.fr\/","name":"Honor\u00e9 Festif","description":"","publisher":{"@id":"https:\/\/honfest.preprod-kalelia.fr\/#organization"},"potentialAction":[{"@type":"SearchAction","target":{"@type":"EntryPoint","urlTemplate":"https:\/\/honfest.preprod-kalelia.fr\/?s={search_term_string}"},"query-input":{"@type":"PropertyValueSpecification","valueRequired":true,"valueName":"search_term_string"}}],"inLanguage":"fr-FR"},{"@type":"Organization","@id":"https:\/\/honfest.preprod-kalelia.fr\/#organization","name":"Honor\u00e9 Festif","url":"https:\/\/honfest.preprod-kalelia.fr\/","logo":{"@type":"ImageObject","inLanguage":"fr-FR","@id":"https:\/\/honfest.preprod-kalelia.fr\/#\/schema\/logo\/image\/","url":"https:\/\/honfest.preprod-kalelia.fr\/wp-content\/uploads\/2020\/10\/logo-honore-festif.png","contentUrl":"https:\/\/honfest.preprod-kalelia.fr\/wp-content\/uploads\/2020\/10\/logo-honore-festif.png","width":198,"height":118,"caption":"Honor\u00e9 Festif"},"image":{"@id":"https:\/\/honfest.preprod-kalelia.fr\/#\/schema\/logo\/image\/"}}]}},"_links":{"self":[{"href":"https:\/\/honfest.preprod-kalelia.fr\/index.php?rest_route=\/wp\/v2\/product\/1501","targetHints":{"allow":["GET"]}}],"collection":[{"href":"https:\/\/honfest.preprod-kalelia.fr\/index.php?rest_route=\/wp\/v2\/product"}],"about":[{"href":"https:\/\/honfest.preprod-kalelia.fr\/index.php?rest_route=\/wp\/v2\/types\/product"}],"wp:featuredmedia":[{"embeddable":true,"href":"https:\/\/honfest.preprod-kalelia.fr\/index.php?rest_route=\/wp\/v2\/media\/6738"}],"wp:attachment":[{"href":"https:\/\/honfest.preprod-kalelia.fr\/index.php?rest_route=%2Fwp%2Fv2%2Fmedia&parent=1501"}],"wp:term":[{"taxonomy":"product_cat","embeddable":true,"href":"https:\/\/honfest.preprod-kalelia.fr\/index.php?rest_route=%2Fwp%2Fv2%2Fproduct_cat&post=1501"},{"taxonomy":"product_tag","embeddable":true,"href":"https:\/\/honfest.preprod-kalelia.fr\/index.php?rest_route=%2Fwp%2Fv2%2Fproduct_tag&post=1501"}],"curies":[{"name":"wp","href":"https:\/\/api.w.org\/{rel}","templated":true}]}}