{"id":910,"date":"2014-12-19T15:55:03","date_gmt":"2014-12-19T14:55:03","guid":{"rendered":"http:\/\/honorefestif.1-ter-net.net\/?product=castillon-cotes-de-bordeaux-aoc-chateau-de-roquevieille"},"modified":"2025-04-25T08:11:15","modified_gmt":"2025-04-25T06:11:15","slug":"castillon-cotes-de-bordeaux-aoc-chateau-de-roquevieille","status":"publish","type":"product","link":"https:\/\/honfest.preprod-kalelia.fr\/?product=castillon-cotes-de-bordeaux-aoc-chateau-de-roquevieille","title":{"rendered":"Castillon C\u00f4tes de Bordeaux AOC \u00ab\u00a0Ch\u00e2teau de Roquevieille\u00a0\u00bb"},"content":{"rendered":"<p>Bouteille de 75 cl<\/p>\n<\/p>\n<p><span style=\"text-decoration: underline\">L&rsquo;abud d&rsquo;alcool est dangereux pour la sant\u00e9.<\/span><\/p>\n<\/p><\/p>\n","protected":false},"excerpt":{"rendered":"<p><span style=\"vertical-align: inherit\"><span style=\"vertical-align: inherit\">Bouteille de 75cl<\/span><\/span><\/p>\n<p><span style=\"text-decoration: underline\"><span style=\"vertical-align: inherit\"><span style=\"vertical-align: inherit\">L&rsquo;abud d&rsquo;alcool est dangereux pour la sant\u00e9.<\/span><\/span><\/span><\/p>\n","protected":false},"featured_media":915,"template":"","meta":[],"product_cat":[71,53],"product_tag":[300,304,298],"class_list":{"0":"post-910","1":"product","2":"type-product","3":"status-publish","4":"has-post-thumbnail","6":"type-prest-produit-buffet-copieux-2h-assis","7":"type-prest-produit-buffet-leger-1h-assis","8":"type-prest-produit-cocktail-dejeunatoire-2h-debout","9":"type-prest-produit-cocktail-dinatoire-3h-debout","10":"type-prest-produit-plateau-repas-1h-assis","11":"type-prest-produit-repas-assis-a-lassiette","12":"product_cat-boissons-plateau-repas","13":"product_cat-carte-des-boissons","14":"product_tag-bordeaux","15":"product_tag-castillon","16":"product_tag-vin-rouge","18":"first","19":"instock","20":"taxable","21":"shipping-taxable","22":"purchasable","23":"product-type-simple"},"yoast_head":"<!-- This site is optimized with the Yoast SEO plugin v25.9 - https:\/\/yoast.com\/wordpress\/plugins\/seo\/ -->\n<title>Castillon C\u00f4tes de Bordeaux AOC &quot;Ch\u00e2teau de Roquevieille&quot; | Honor\u00e9 Festif<\/title>\n<meta name=\"description\" content=\"vente Castillon C\u00f4tes de Bordeaux AOC &quot;Ch\u00e2teau de Roquevieille&quot; particulier entreprise \u00e0 Nantes et Loire Atlantique\" \/>\n<meta name=\"robots\" content=\"index, follow, max-snippet:-1, max-image-preview:large, max-video-preview:-1\" \/>\n<link rel=\"canonical\" href=\"https:\/\/honfest.preprod-kalelia.fr\/?product=castillon-cotes-de-bordeaux-aoc-chateau-de-roquevieille\" \/>\n<meta property=\"og:locale\" content=\"fr_FR\" \/>\n<meta property=\"og:type\" content=\"article\" \/>\n<meta property=\"og:title\" content=\"Castillon C\u00f4tes de Bordeaux AOC &quot;Ch\u00e2teau de Roquevieille&quot; | Honor\u00e9 Festif\" \/>\n<meta property=\"og:description\" content=\"vente Castillon C\u00f4tes de Bordeaux AOC &quot;Ch\u00e2teau de Roquevieille&quot; particulier entreprise \u00e0 Nantes et Loire Atlantique\" \/>\n<meta property=\"og:url\" content=\"https:\/\/honfest.preprod-kalelia.fr\/?product=castillon-cotes-de-bordeaux-aoc-chateau-de-roquevieille\" \/>\n<meta property=\"og:site_name\" content=\"Honor\u00e9 Festif\" \/>\n<meta property=\"article:modified_time\" content=\"2025-04-25T06:11:15+00:00\" \/>\n<meta property=\"og:image\" content=\"https:\/\/honfest.preprod-kalelia.fr\/wp-content\/uploads\/2014\/12\/87-thickbox_default-Graves-Chateau-La-Bonnat.jpg\" \/>\n\t<meta property=\"og:image:width\" content=\"800\" \/>\n\t<meta property=\"og:image:height\" content=\"800\" \/>\n\t<meta property=\"og:image:type\" content=\"image\/jpeg\" \/>\n<meta name=\"twitter:card\" content=\"summary_large_image\" \/>\n<script type=\"application\/ld+json\" class=\"yoast-schema-graph\">{\"@context\":\"https:\/\/schema.org\",\"@graph\":[{\"@type\":\"WebPage\",\"@id\":\"https:\/\/honfest.preprod-kalelia.fr\/?product=castillon-cotes-de-bordeaux-aoc-chateau-de-roquevieille\",\"url\":\"https:\/\/honfest.preprod-kalelia.fr\/?product=castillon-cotes-de-bordeaux-aoc-chateau-de-roquevieille\",\"name\":\"Castillon C\u00f4tes de Bordeaux AOC \\\"Ch\u00e2teau de Roquevieille\\\" | Honor\u00e9 Festif\",\"isPartOf\":{\"@id\":\"https:\/\/honfest.preprod-kalelia.fr\/#website\"},\"primaryImageOfPage\":{\"@id\":\"https:\/\/honfest.preprod-kalelia.fr\/?product=castillon-cotes-de-bordeaux-aoc-chateau-de-roquevieille#primaryimage\"},\"image\":{\"@id\":\"https:\/\/honfest.preprod-kalelia.fr\/?product=castillon-cotes-de-bordeaux-aoc-chateau-de-roquevieille#primaryimage\"},\"thumbnailUrl\":\"https:\/\/honfest.preprod-kalelia.fr\/wp-content\/uploads\/2014\/12\/87-thickbox_default-Graves-Chateau-La-Bonnat.jpg\",\"datePublished\":\"2014-12-19T14:55:03+00:00\",\"dateModified\":\"2025-04-25T06:11:15+00:00\",\"description\":\"vente Castillon C\u00f4tes de Bordeaux AOC \\\"Ch\u00e2teau de Roquevieille\\\" particulier entreprise \u00e0 Nantes et Loire Atlantique\",\"breadcrumb\":{\"@id\":\"https:\/\/honfest.preprod-kalelia.fr\/?product=castillon-cotes-de-bordeaux-aoc-chateau-de-roquevieille#breadcrumb\"},\"inLanguage\":\"fr-FR\",\"potentialAction\":[{\"@type\":\"ReadAction\",\"target\":[\"https:\/\/honfest.preprod-kalelia.fr\/?product=castillon-cotes-de-bordeaux-aoc-chateau-de-roquevieille\"]}]},{\"@type\":\"ImageObject\",\"inLanguage\":\"fr-FR\",\"@id\":\"https:\/\/honfest.preprod-kalelia.fr\/?product=castillon-cotes-de-bordeaux-aoc-chateau-de-roquevieille#primaryimage\",\"url\":\"https:\/\/honfest.preprod-kalelia.fr\/wp-content\/uploads\/2014\/12\/87-thickbox_default-Graves-Chateau-La-Bonnat.jpg\",\"contentUrl\":\"https:\/\/honfest.preprod-kalelia.fr\/wp-content\/uploads\/2014\/12\/87-thickbox_default-Graves-Chateau-La-Bonnat.jpg\",\"width\":800,\"height\":800,\"caption\":\"Vin rouge\"},{\"@type\":\"BreadcrumbList\",\"@id\":\"https:\/\/honfest.preprod-kalelia.fr\/?product=castillon-cotes-de-bordeaux-aoc-chateau-de-roquevieille#breadcrumb\",\"itemListElement\":[{\"@type\":\"ListItem\",\"position\":1,\"name\":\"Accueil\",\"item\":\"https:\/\/honfest.preprod-kalelia.fr\/\"},{\"@type\":\"ListItem\",\"position\":2,\"name\":\"Castillon C\u00f4tes de Bordeaux AOC \u00ab\u00a0Ch\u00e2teau de Roquevieille\u00a0\u00bb\"}]},{\"@type\":\"WebSite\",\"@id\":\"https:\/\/honfest.preprod-kalelia.fr\/#website\",\"url\":\"https:\/\/honfest.preprod-kalelia.fr\/\",\"name\":\"Honor\u00e9 Festif\",\"description\":\"\",\"publisher\":{\"@id\":\"https:\/\/honfest.preprod-kalelia.fr\/#organization\"},\"potentialAction\":[{\"@type\":\"SearchAction\",\"target\":{\"@type\":\"EntryPoint\",\"urlTemplate\":\"https:\/\/honfest.preprod-kalelia.fr\/?s={search_term_string}\"},\"query-input\":{\"@type\":\"PropertyValueSpecification\",\"valueRequired\":true,\"valueName\":\"search_term_string\"}}],\"inLanguage\":\"fr-FR\"},{\"@type\":\"Organization\",\"@id\":\"https:\/\/honfest.preprod-kalelia.fr\/#organization\",\"name\":\"Honor\u00e9 Festif\",\"url\":\"https:\/\/honfest.preprod-kalelia.fr\/\",\"logo\":{\"@type\":\"ImageObject\",\"inLanguage\":\"fr-FR\",\"@id\":\"https:\/\/honfest.preprod-kalelia.fr\/#\/schema\/logo\/image\/\",\"url\":\"https:\/\/honfest.preprod-kalelia.fr\/wp-content\/uploads\/2020\/10\/logo-honore-festif.png\",\"contentUrl\":\"https:\/\/honfest.preprod-kalelia.fr\/wp-content\/uploads\/2020\/10\/logo-honore-festif.png\",\"width\":198,\"height\":118,\"caption\":\"Honor\u00e9 Festif\"},\"image\":{\"@id\":\"https:\/\/honfest.preprod-kalelia.fr\/#\/schema\/logo\/image\/\"}}]}<\/script>\n<!-- \/ Yoast SEO plugin. -->","yoast_head_json":{"title":"Castillon C\u00f4tes de Bordeaux AOC \"Ch\u00e2teau de Roquevieille\" | Honor\u00e9 Festif","description":"vente Castillon C\u00f4tes de Bordeaux AOC \"Ch\u00e2teau de Roquevieille\" particulier entreprise \u00e0 Nantes et Loire Atlantique","robots":{"index":"index","follow":"follow","max-snippet":"max-snippet:-1","max-image-preview":"max-image-preview:large","max-video-preview":"max-video-preview:-1"},"canonical":"https:\/\/honfest.preprod-kalelia.fr\/?product=castillon-cotes-de-bordeaux-aoc-chateau-de-roquevieille","og_locale":"fr_FR","og_type":"article","og_title":"Castillon C\u00f4tes de Bordeaux AOC \"Ch\u00e2teau de Roquevieille\" | Honor\u00e9 Festif","og_description":"vente Castillon C\u00f4tes de Bordeaux AOC \"Ch\u00e2teau de Roquevieille\" particulier entreprise \u00e0 Nantes et Loire Atlantique","og_url":"https:\/\/honfest.preprod-kalelia.fr\/?product=castillon-cotes-de-bordeaux-aoc-chateau-de-roquevieille","og_site_name":"Honor\u00e9 Festif","article_modified_time":"2025-04-25T06:11:15+00:00","og_image":[{"width":800,"height":800,"url":"https:\/\/honfest.preprod-kalelia.fr\/wp-content\/uploads\/2014\/12\/87-thickbox_default-Graves-Chateau-La-Bonnat.jpg","type":"image\/jpeg"}],"twitter_card":"summary_large_image","schema":{"@context":"https:\/\/schema.org","@graph":[{"@type":"WebPage","@id":"https:\/\/honfest.preprod-kalelia.fr\/?product=castillon-cotes-de-bordeaux-aoc-chateau-de-roquevieille","url":"https:\/\/honfest.preprod-kalelia.fr\/?product=castillon-cotes-de-bordeaux-aoc-chateau-de-roquevieille","name":"Castillon C\u00f4tes de Bordeaux AOC \"Ch\u00e2teau de Roquevieille\" | Honor\u00e9 Festif","isPartOf":{"@id":"https:\/\/honfest.preprod-kalelia.fr\/#website"},"primaryImageOfPage":{"@id":"https:\/\/honfest.preprod-kalelia.fr\/?product=castillon-cotes-de-bordeaux-aoc-chateau-de-roquevieille#primaryimage"},"image":{"@id":"https:\/\/honfest.preprod-kalelia.fr\/?product=castillon-cotes-de-bordeaux-aoc-chateau-de-roquevieille#primaryimage"},"thumbnailUrl":"https:\/\/honfest.preprod-kalelia.fr\/wp-content\/uploads\/2014\/12\/87-thickbox_default-Graves-Chateau-La-Bonnat.jpg","datePublished":"2014-12-19T14:55:03+00:00","dateModified":"2025-04-25T06:11:15+00:00","description":"vente Castillon C\u00f4tes de Bordeaux AOC \"Ch\u00e2teau de Roquevieille\" particulier entreprise \u00e0 Nantes et Loire Atlantique","breadcrumb":{"@id":"https:\/\/honfest.preprod-kalelia.fr\/?product=castillon-cotes-de-bordeaux-aoc-chateau-de-roquevieille#breadcrumb"},"inLanguage":"fr-FR","potentialAction":[{"@type":"ReadAction","target":["https:\/\/honfest.preprod-kalelia.fr\/?product=castillon-cotes-de-bordeaux-aoc-chateau-de-roquevieille"]}]},{"@type":"ImageObject","inLanguage":"fr-FR","@id":"https:\/\/honfest.preprod-kalelia.fr\/?product=castillon-cotes-de-bordeaux-aoc-chateau-de-roquevieille#primaryimage","url":"https:\/\/honfest.preprod-kalelia.fr\/wp-content\/uploads\/2014\/12\/87-thickbox_default-Graves-Chateau-La-Bonnat.jpg","contentUrl":"https:\/\/honfest.preprod-kalelia.fr\/wp-content\/uploads\/2014\/12\/87-thickbox_default-Graves-Chateau-La-Bonnat.jpg","width":800,"height":800,"caption":"Vin rouge"},{"@type":"BreadcrumbList","@id":"https:\/\/honfest.preprod-kalelia.fr\/?product=castillon-cotes-de-bordeaux-aoc-chateau-de-roquevieille#breadcrumb","itemListElement":[{"@type":"ListItem","position":1,"name":"Accueil","item":"https:\/\/honfest.preprod-kalelia.fr\/"},{"@type":"ListItem","position":2,"name":"Castillon C\u00f4tes de Bordeaux AOC \u00ab\u00a0Ch\u00e2teau de Roquevieille\u00a0\u00bb"}]},{"@type":"WebSite","@id":"https:\/\/honfest.preprod-kalelia.fr\/#website","url":"https:\/\/honfest.preprod-kalelia.fr\/","name":"Honor\u00e9 Festif","description":"","publisher":{"@id":"https:\/\/honfest.preprod-kalelia.fr\/#organization"},"potentialAction":[{"@type":"SearchAction","target":{"@type":"EntryPoint","urlTemplate":"https:\/\/honfest.preprod-kalelia.fr\/?s={search_term_string}"},"query-input":{"@type":"PropertyValueSpecification","valueRequired":true,"valueName":"search_term_string"}}],"inLanguage":"fr-FR"},{"@type":"Organization","@id":"https:\/\/honfest.preprod-kalelia.fr\/#organization","name":"Honor\u00e9 Festif","url":"https:\/\/honfest.preprod-kalelia.fr\/","logo":{"@type":"ImageObject","inLanguage":"fr-FR","@id":"https:\/\/honfest.preprod-kalelia.fr\/#\/schema\/logo\/image\/","url":"https:\/\/honfest.preprod-kalelia.fr\/wp-content\/uploads\/2020\/10\/logo-honore-festif.png","contentUrl":"https:\/\/honfest.preprod-kalelia.fr\/wp-content\/uploads\/2020\/10\/logo-honore-festif.png","width":198,"height":118,"caption":"Honor\u00e9 Festif"},"image":{"@id":"https:\/\/honfest.preprod-kalelia.fr\/#\/schema\/logo\/image\/"}}]}},"_links":{"self":[{"href":"https:\/\/honfest.preprod-kalelia.fr\/index.php?rest_route=\/wp\/v2\/product\/910","targetHints":{"allow":["GET"]}}],"collection":[{"href":"https:\/\/honfest.preprod-kalelia.fr\/index.php?rest_route=\/wp\/v2\/product"}],"about":[{"href":"https:\/\/honfest.preprod-kalelia.fr\/index.php?rest_route=\/wp\/v2\/types\/product"}],"wp:featuredmedia":[{"embeddable":true,"href":"https:\/\/honfest.preprod-kalelia.fr\/index.php?rest_route=\/wp\/v2\/media\/915"}],"wp:attachment":[{"href":"https:\/\/honfest.preprod-kalelia.fr\/index.php?rest_route=%2Fwp%2Fv2%2Fmedia&parent=910"}],"wp:term":[{"taxonomy":"product_cat","embeddable":true,"href":"https:\/\/honfest.preprod-kalelia.fr\/index.php?rest_route=%2Fwp%2Fv2%2Fproduct_cat&post=910"},{"taxonomy":"product_tag","embeddable":true,"href":"https:\/\/honfest.preprod-kalelia.fr\/index.php?rest_route=%2Fwp%2Fv2%2Fproduct_tag&post=910"}],"curies":[{"name":"wp","href":"https:\/\/api.w.org\/{rel}","templated":true}]}}