{"id":958,"date":"2015-02-06T11:52:06","date_gmt":"2015-02-06T10:52:06","guid":{"rendered":"http:\/\/honorefestif.1-ter-net.net\/?product=cocktail-aperitif-6-pieces"},"modified":"2025-01-07T15:12:18","modified_gmt":"2025-01-07T14:12:18","slug":"cocktail-aperitif-6-pieces","status":"publish","type":"product","link":"https:\/\/honfest.preprod-kalelia.fr\/?product=cocktail-aperitif-6-pieces","title":{"rendered":"Cocktail D\u00e9gustation 6 pi\u00e8ces"},"content":{"rendered":"<p><em><a href=\"https:\/\/honfest.preprod-kalelia.fr\/wp-content\/uploads\/2015\/02\/Conditions-Generales-de-ventes-site-Internet.pdf\" target=\"_blank\" rel=\"noopener noreferrer\"><img loading=\"lazy\" decoding=\"async\" class=\" alignleft size-full wp-image-957\" width=\"74\" height=\"55\" style=\"float: left\" alt=\"\" src=\"https:\/\/honfest.preprod-kalelia.fr\/wp-content\/uploads\/2015\/02\/Delai-48h.jpg\" \/><\/a>Le cocktail ap\u00e9ritif 6 pi\u00e8ces est id\u00e9al pour un temps convivial de 45 min \u00e0 1h00<\/em><\/p>\n<p style=\"text-align: center\"><strong><span style=\"text-decoration: underline\">Pi\u00e8ces cocktail sal\u00e9es froides<\/span><\/strong><\/p>\n<p style=\"text-align: center\"><span style=\"color: #000000\"><em><strong>Ce cocktail comprend la <\/strong><\/em><span style=\"text-decoration: underline\"><strong><span style=\"color: #2b6d33;text-decoration: underline\">nourriture uniquement<\/span><\/strong><\/span><em><strong>, dress\u00e9e sur supports jetables de qualit\u00e9<\/strong><\/em><\/span><\/p>\n<p style=\"text-align: center\">Tartines (2 pi\u00e8ces par personne)<\/p>\n<p style=\"text-align: center\">Mini brochettes sal\u00e9es (1 pi\u00e8ce par personne)<\/p>\n<p style=\"text-align: center\">C\u00e9l\u00e9brations (2 pi\u00e8ces par personne)<\/p>\n<p style=\"text-align: center\">Mini Cup Cakes sal\u00e9s (1 pi\u00e8ce par personne)<\/p>\n<\/p>\n<\/p>\n<\/p><\/p>\n","protected":false},"excerpt":{"rendered":"<p style=\"text-align: center\"><em>Le cocktail ap\u00e9ritif 6 pi\u00e8ces est id\u00e9al pour un temps convivial de 45 min \u00e0 1h00<\/em><\/p>\n<p style=\"text-align: center\"><strong>Ce cocktail comprend la <em><u>nourriture uniquement<\/u><\/em><\/strong><\/p>\n<p style=\"text-align: left\"><strong><span style=\"text-decoration: underline\">Pi\u00e8ces cocktail sal\u00e9es froides<br \/>\n<\/span><\/strong><em>environ 6 pi\u00e8ces par pers.<\/em><\/p>\n<p style=\"text-align: center\">Plateau de tartines<\/p>\n<p style=\"text-align: center\">Coffret de mini brochettes sal\u00e9es<\/p>\n<p style=\"text-align: center\">Plateau de c\u00e9l\u00e9brations<\/p>\n<p style=\"text-align: center\">Coffret de mini cookies sal\u00e9s<\/p>\n<p>&nbsp;<\/p>\n<p><em>*Gammes susceptibles d&rsquo;\u00eatre modifi\u00e9es en cas de ruptures<\/em><\/p>\n","protected":false},"featured_media":6817,"template":"","meta":[],"product_cat":[57],"product_tag":[254,241],"class_list":{"0":"post-958","1":"product","2":"type-product","3":"status-publish","4":"has-post-thumbnail","6":"type-evt-produit-bapteme","7":"type-evt-produit-cocktail-dentreprise","8":"type-evt-produit-communion","9":"type-evt-produit-evenements-prives","10":"type-prest-produit-cocktail-aperitif-1h-debout","11":"saveur-produit-un-peu-de-tout","12":"product_cat-cocktail-du-chef","13":"product_tag-aperitif","14":"product_tag-cocktail","16":"first","17":"instock","18":"taxable","19":"shipping-taxable","20":"purchasable","21":"product-type-simple"},"yoast_head":"<!-- This site is optimized with the Yoast SEO plugin v25.9 - https:\/\/yoast.com\/wordpress\/plugins\/seo\/ -->\n<title>Cocktail D\u00e9gustation 6 pi\u00e8ces | Honor\u00e9 Festif<\/title>\n<meta name=\"description\" content=\"vente Cocktail D\u00e9gustation 6 pi\u00e8ces particulier entreprise \u00e0 Nantes et Loire Atlantique\" \/>\n<meta name=\"robots\" content=\"index, follow, max-snippet:-1, max-image-preview:large, max-video-preview:-1\" \/>\n<link rel=\"canonical\" href=\"https:\/\/honfest.preprod-kalelia.fr\/?product=cocktail-aperitif-6-pieces\" \/>\n<meta property=\"og:locale\" content=\"fr_FR\" \/>\n<meta property=\"og:type\" content=\"article\" \/>\n<meta property=\"og:title\" content=\"Cocktail D\u00e9gustation 6 pi\u00e8ces | Honor\u00e9 Festif\" \/>\n<meta property=\"og:description\" content=\"vente Cocktail D\u00e9gustation 6 pi\u00e8ces particulier entreprise \u00e0 Nantes et Loire Atlantique\" \/>\n<meta property=\"og:url\" content=\"https:\/\/honfest.preprod-kalelia.fr\/?product=cocktail-aperitif-6-pieces\" \/>\n<meta property=\"og:site_name\" content=\"Honor\u00e9 Festif\" \/>\n<meta property=\"article:modified_time\" content=\"2025-01-07T14:12:18+00:00\" \/>\n<meta property=\"og:image\" content=\"https:\/\/honfest.preprod-kalelia.fr\/wp-content\/uploads\/2015\/02\/Cocktail-D\u00e9gustation-6-pi\u00e8ces.jpg\" \/>\n\t<meta property=\"og:image:width\" content=\"631\" \/>\n\t<meta property=\"og:image:height\" content=\"880\" \/>\n\t<meta property=\"og:image:type\" content=\"image\/jpeg\" \/>\n<meta name=\"twitter:card\" content=\"summary_large_image\" \/>\n<meta name=\"twitter:label1\" content=\"Dur\u00e9e de lecture estim\u00e9e\" \/>\n\t<meta name=\"twitter:data1\" content=\"1 minute\" \/>\n<script type=\"application\/ld+json\" class=\"yoast-schema-graph\">{\"@context\":\"https:\/\/schema.org\",\"@graph\":[{\"@type\":\"WebPage\",\"@id\":\"https:\/\/honfest.preprod-kalelia.fr\/?product=cocktail-aperitif-6-pieces\",\"url\":\"https:\/\/honfest.preprod-kalelia.fr\/?product=cocktail-aperitif-6-pieces\",\"name\":\"Cocktail D\u00e9gustation 6 pi\u00e8ces | Honor\u00e9 Festif\",\"isPartOf\":{\"@id\":\"https:\/\/honfest.preprod-kalelia.fr\/#website\"},\"primaryImageOfPage\":{\"@id\":\"https:\/\/honfest.preprod-kalelia.fr\/?product=cocktail-aperitif-6-pieces#primaryimage\"},\"image\":{\"@id\":\"https:\/\/honfest.preprod-kalelia.fr\/?product=cocktail-aperitif-6-pieces#primaryimage\"},\"thumbnailUrl\":\"https:\/\/honfest.preprod-kalelia.fr\/wp-content\/uploads\/2015\/02\/Cocktail-D\u00e9gustation-6-pi\u00e8ces.jpg\",\"datePublished\":\"2015-02-06T10:52:06+00:00\",\"dateModified\":\"2025-01-07T14:12:18+00:00\",\"description\":\"vente Cocktail D\u00e9gustation 6 pi\u00e8ces particulier entreprise \u00e0 Nantes et Loire Atlantique\",\"breadcrumb\":{\"@id\":\"https:\/\/honfest.preprod-kalelia.fr\/?product=cocktail-aperitif-6-pieces#breadcrumb\"},\"inLanguage\":\"fr-FR\",\"potentialAction\":[{\"@type\":\"ReadAction\",\"target\":[\"https:\/\/honfest.preprod-kalelia.fr\/?product=cocktail-aperitif-6-pieces\"]}]},{\"@type\":\"ImageObject\",\"inLanguage\":\"fr-FR\",\"@id\":\"https:\/\/honfest.preprod-kalelia.fr\/?product=cocktail-aperitif-6-pieces#primaryimage\",\"url\":\"https:\/\/honfest.preprod-kalelia.fr\/wp-content\/uploads\/2015\/02\/Cocktail-D\u00e9gustation-6-pi\u00e8ces.jpg\",\"contentUrl\":\"https:\/\/honfest.preprod-kalelia.fr\/wp-content\/uploads\/2015\/02\/Cocktail-D\u00e9gustation-6-pi\u00e8ces.jpg\",\"width\":631,\"height\":880},{\"@type\":\"BreadcrumbList\",\"@id\":\"https:\/\/honfest.preprod-kalelia.fr\/?product=cocktail-aperitif-6-pieces#breadcrumb\",\"itemListElement\":[{\"@type\":\"ListItem\",\"position\":1,\"name\":\"Accueil\",\"item\":\"https:\/\/honfest.preprod-kalelia.fr\/\"},{\"@type\":\"ListItem\",\"position\":2,\"name\":\"Cocktail D\u00e9gustation 6 pi\u00e8ces\"}]},{\"@type\":\"WebSite\",\"@id\":\"https:\/\/honfest.preprod-kalelia.fr\/#website\",\"url\":\"https:\/\/honfest.preprod-kalelia.fr\/\",\"name\":\"Honor\u00e9 Festif\",\"description\":\"\",\"publisher\":{\"@id\":\"https:\/\/honfest.preprod-kalelia.fr\/#organization\"},\"potentialAction\":[{\"@type\":\"SearchAction\",\"target\":{\"@type\":\"EntryPoint\",\"urlTemplate\":\"https:\/\/honfest.preprod-kalelia.fr\/?s={search_term_string}\"},\"query-input\":{\"@type\":\"PropertyValueSpecification\",\"valueRequired\":true,\"valueName\":\"search_term_string\"}}],\"inLanguage\":\"fr-FR\"},{\"@type\":\"Organization\",\"@id\":\"https:\/\/honfest.preprod-kalelia.fr\/#organization\",\"name\":\"Honor\u00e9 Festif\",\"url\":\"https:\/\/honfest.preprod-kalelia.fr\/\",\"logo\":{\"@type\":\"ImageObject\",\"inLanguage\":\"fr-FR\",\"@id\":\"https:\/\/honfest.preprod-kalelia.fr\/#\/schema\/logo\/image\/\",\"url\":\"https:\/\/honfest.preprod-kalelia.fr\/wp-content\/uploads\/2020\/10\/logo-honore-festif.png\",\"contentUrl\":\"https:\/\/honfest.preprod-kalelia.fr\/wp-content\/uploads\/2020\/10\/logo-honore-festif.png\",\"width\":198,\"height\":118,\"caption\":\"Honor\u00e9 Festif\"},\"image\":{\"@id\":\"https:\/\/honfest.preprod-kalelia.fr\/#\/schema\/logo\/image\/\"}}]}<\/script>\n<!-- \/ Yoast SEO plugin. -->","yoast_head_json":{"title":"Cocktail D\u00e9gustation 6 pi\u00e8ces | Honor\u00e9 Festif","description":"vente Cocktail D\u00e9gustation 6 pi\u00e8ces particulier entreprise \u00e0 Nantes et Loire Atlantique","robots":{"index":"index","follow":"follow","max-snippet":"max-snippet:-1","max-image-preview":"max-image-preview:large","max-video-preview":"max-video-preview:-1"},"canonical":"https:\/\/honfest.preprod-kalelia.fr\/?product=cocktail-aperitif-6-pieces","og_locale":"fr_FR","og_type":"article","og_title":"Cocktail D\u00e9gustation 6 pi\u00e8ces | Honor\u00e9 Festif","og_description":"vente Cocktail D\u00e9gustation 6 pi\u00e8ces particulier entreprise \u00e0 Nantes et Loire Atlantique","og_url":"https:\/\/honfest.preprod-kalelia.fr\/?product=cocktail-aperitif-6-pieces","og_site_name":"Honor\u00e9 Festif","article_modified_time":"2025-01-07T14:12:18+00:00","og_image":[{"width":631,"height":880,"url":"https:\/\/honfest.preprod-kalelia.fr\/wp-content\/uploads\/2015\/02\/Cocktail-D\u00e9gustation-6-pi\u00e8ces.jpg","type":"image\/jpeg"}],"twitter_card":"summary_large_image","twitter_misc":{"Dur\u00e9e de lecture estim\u00e9e":"1 minute"},"schema":{"@context":"https:\/\/schema.org","@graph":[{"@type":"WebPage","@id":"https:\/\/honfest.preprod-kalelia.fr\/?product=cocktail-aperitif-6-pieces","url":"https:\/\/honfest.preprod-kalelia.fr\/?product=cocktail-aperitif-6-pieces","name":"Cocktail D\u00e9gustation 6 pi\u00e8ces | Honor\u00e9 Festif","isPartOf":{"@id":"https:\/\/honfest.preprod-kalelia.fr\/#website"},"primaryImageOfPage":{"@id":"https:\/\/honfest.preprod-kalelia.fr\/?product=cocktail-aperitif-6-pieces#primaryimage"},"image":{"@id":"https:\/\/honfest.preprod-kalelia.fr\/?product=cocktail-aperitif-6-pieces#primaryimage"},"thumbnailUrl":"https:\/\/honfest.preprod-kalelia.fr\/wp-content\/uploads\/2015\/02\/Cocktail-D\u00e9gustation-6-pi\u00e8ces.jpg","datePublished":"2015-02-06T10:52:06+00:00","dateModified":"2025-01-07T14:12:18+00:00","description":"vente Cocktail D\u00e9gustation 6 pi\u00e8ces particulier entreprise \u00e0 Nantes et Loire Atlantique","breadcrumb":{"@id":"https:\/\/honfest.preprod-kalelia.fr\/?product=cocktail-aperitif-6-pieces#breadcrumb"},"inLanguage":"fr-FR","potentialAction":[{"@type":"ReadAction","target":["https:\/\/honfest.preprod-kalelia.fr\/?product=cocktail-aperitif-6-pieces"]}]},{"@type":"ImageObject","inLanguage":"fr-FR","@id":"https:\/\/honfest.preprod-kalelia.fr\/?product=cocktail-aperitif-6-pieces#primaryimage","url":"https:\/\/honfest.preprod-kalelia.fr\/wp-content\/uploads\/2015\/02\/Cocktail-D\u00e9gustation-6-pi\u00e8ces.jpg","contentUrl":"https:\/\/honfest.preprod-kalelia.fr\/wp-content\/uploads\/2015\/02\/Cocktail-D\u00e9gustation-6-pi\u00e8ces.jpg","width":631,"height":880},{"@type":"BreadcrumbList","@id":"https:\/\/honfest.preprod-kalelia.fr\/?product=cocktail-aperitif-6-pieces#breadcrumb","itemListElement":[{"@type":"ListItem","position":1,"name":"Accueil","item":"https:\/\/honfest.preprod-kalelia.fr\/"},{"@type":"ListItem","position":2,"name":"Cocktail D\u00e9gustation 6 pi\u00e8ces"}]},{"@type":"WebSite","@id":"https:\/\/honfest.preprod-kalelia.fr\/#website","url":"https:\/\/honfest.preprod-kalelia.fr\/","name":"Honor\u00e9 Festif","description":"","publisher":{"@id":"https:\/\/honfest.preprod-kalelia.fr\/#organization"},"potentialAction":[{"@type":"SearchAction","target":{"@type":"EntryPoint","urlTemplate":"https:\/\/honfest.preprod-kalelia.fr\/?s={search_term_string}"},"query-input":{"@type":"PropertyValueSpecification","valueRequired":true,"valueName":"search_term_string"}}],"inLanguage":"fr-FR"},{"@type":"Organization","@id":"https:\/\/honfest.preprod-kalelia.fr\/#organization","name":"Honor\u00e9 Festif","url":"https:\/\/honfest.preprod-kalelia.fr\/","logo":{"@type":"ImageObject","inLanguage":"fr-FR","@id":"https:\/\/honfest.preprod-kalelia.fr\/#\/schema\/logo\/image\/","url":"https:\/\/honfest.preprod-kalelia.fr\/wp-content\/uploads\/2020\/10\/logo-honore-festif.png","contentUrl":"https:\/\/honfest.preprod-kalelia.fr\/wp-content\/uploads\/2020\/10\/logo-honore-festif.png","width":198,"height":118,"caption":"Honor\u00e9 Festif"},"image":{"@id":"https:\/\/honfest.preprod-kalelia.fr\/#\/schema\/logo\/image\/"}}]}},"_links":{"self":[{"href":"https:\/\/honfest.preprod-kalelia.fr\/index.php?rest_route=\/wp\/v2\/product\/958","targetHints":{"allow":["GET"]}}],"collection":[{"href":"https:\/\/honfest.preprod-kalelia.fr\/index.php?rest_route=\/wp\/v2\/product"}],"about":[{"href":"https:\/\/honfest.preprod-kalelia.fr\/index.php?rest_route=\/wp\/v2\/types\/product"}],"wp:featuredmedia":[{"embeddable":true,"href":"https:\/\/honfest.preprod-kalelia.fr\/index.php?rest_route=\/wp\/v2\/media\/6817"}],"wp:attachment":[{"href":"https:\/\/honfest.preprod-kalelia.fr\/index.php?rest_route=%2Fwp%2Fv2%2Fmedia&parent=958"}],"wp:term":[{"taxonomy":"product_cat","embeddable":true,"href":"https:\/\/honfest.preprod-kalelia.fr\/index.php?rest_route=%2Fwp%2Fv2%2Fproduct_cat&post=958"},{"taxonomy":"product_tag","embeddable":true,"href":"https:\/\/honfest.preprod-kalelia.fr\/index.php?rest_route=%2Fwp%2Fv2%2Fproduct_tag&post=958"}],"curies":[{"name":"wp","href":"https:\/\/api.w.org\/{rel}","templated":true}]}}